Last updated on 2025-07-19 06:48:46 CEST.
Flavor | Version | Tinstall | Tcheck | Ttotal | Status | Flags |
---|---|---|---|---|---|---|
r-devel-linux-x86_64-debian-clang | 1.0.7 | 11.14 | 249.12 | 260.26 | OK | |
r-devel-linux-x86_64-debian-gcc | 1.0.7 | 9.27 | 164.65 | 173.92 | OK | |
r-devel-linux-x86_64-fedora-clang | 1.0.7 | 380.80 | OK | |||
r-devel-linux-x86_64-fedora-gcc | 1.0.7 | 414.56 | OK | |||
r-devel-windows-x86_64 | 1.0.7 | 14.00 | 280.00 | 294.00 | OK | |
r-patched-linux-x86_64 | 1.0.7 | 10.79 | 241.85 | 252.64 | OK | |
r-release-linux-x86_64 | 1.0.7 | 11.18 | 244.25 | 255.43 | OK | |
r-release-macos-arm64 | 1.0.7 | 138.00 | OK | |||
r-release-macos-x86_64 | 1.0.7 | 325.00 | OK | |||
r-release-windows-x86_64 | 1.0.7 | 12.00 | 275.00 | 287.00 | OK | |
r-oldrel-macos-arm64 | 1.0.7 | 131.00 | NOTE | |||
r-oldrel-macos-x86_64 | 1.0.7 | 263.00 | NOTE | |||
r-oldrel-windows-x86_64 | 1.0.7 | 16.00 | 346.00 | 362.00 | NOTE |
Version: 1.0.7
Check: installed package size
Result: NOTE
installed size is 6.2Mb
sub-directories of 1Mb or more:
R 2.3Mb
extdata 3.1Mb
Flavors: r-oldrel-macos-arm64, r-oldrel-macos-x86_64, r-oldrel-windows-x86_64