Last updated on 2025-05-29 00:48:37 CEST.
Flavor | Version | Tinstall | Tcheck | Ttotal | Status | Flags |
---|---|---|---|---|---|---|
r-devel-linux-x86_64-debian-clang | 1.2.3 | 48.28 | 38.83 | 87.11 | OK | |
r-devel-linux-x86_64-debian-gcc | 1.2.3 | 34.74 | 29.27 | 64.01 | OK | |
r-devel-linux-x86_64-fedora-clang | 1.2.3 | 165.65 | OK | |||
r-devel-linux-x86_64-fedora-gcc | 1.2.3 | 156.73 | OK | |||
r-devel-windows-x86_64 | 1.2.3 | 64.00 | 84.00 | 148.00 | OK | |
r-patched-linux-x86_64 | 1.2.3 | 49.24 | 36.10 | 85.34 | OK | |
r-release-linux-x86_64 | 1.2.3 | 47.57 | 35.92 | 83.49 | OK | |
r-release-macos-arm64 | 1.2.3 | 75.00 | OK | |||
r-release-macos-x86_64 | 1.2.3 | 103.00 | OK | |||
r-release-windows-x86_64 | 1.2.3 | 73.00 | 91.00 | 164.00 | OK | |
r-oldrel-macos-arm64 | 1.2.3 | 51.00 | NOTE | |||
r-oldrel-macos-x86_64 | 1.2.3 | 102.00 | NOTE | |||
r-oldrel-windows-x86_64 | 1.2.3 | 78.00 | 98.00 | 176.00 | OK |
Version: 1.2.3
Check: installed package size
Result: NOTE
installed size is 25.2Mb
sub-directories of 1Mb or more:
libs 24.8Mb
Flavors: r-oldrel-macos-arm64, r-oldrel-macos-x86_64