CRAN Package Check Results for Package systemfit

Last updated on 2025-07-13 18:52:58 CEST.

Flavor Version Tinstall Tcheck Ttotal Status Flags
r-devel-linux-x86_64-debian-clang 1.1-30 11.00 161.82 172.82 NOTE
r-devel-linux-x86_64-debian-gcc 1.1-30 6.44 114.34 120.78 NOTE
r-devel-linux-x86_64-fedora-clang 1.1-30 262.38 OK
r-devel-linux-x86_64-fedora-gcc 1.1-30 265.43 OK
r-devel-windows-x86_64 1.1-30 11.00 189.00 200.00 OK
r-patched-linux-x86_64 1.1-30 10.62 154.48 165.10 OK
r-release-linux-x86_64 1.1-30 9.40 153.20 162.60 OK
r-release-macos-arm64 1.1-30 84.00 OK
r-release-macos-x86_64 1.1-30 166.00 OK
r-release-windows-x86_64 1.1-30 12.00 203.00 215.00 OK
r-oldrel-macos-arm64 1.1-30 84.00 OK
r-oldrel-macos-x86_64 1.1-30 183.00 OK
r-oldrel-windows-x86_64 1.1-30 16.00 231.00 247.00 OK

Check Details

Version: 1.1-30
Check: CRAN incoming feasibility
Result: NOTE Maintainer: ‘Arne Henningsen <arne.henningsen@gmail.com>’ No Authors@R field in DESCRIPTION. Please add one, modifying Authors@R: c(person(given = "Arne", family = "Henningsen", role = c("aut", "cre"), email = "arne.henningsen@gmail.com"), person(given = c("Jeff", "D."), family = "Hamann", role = "aut")) as necessary. Flavors: r-devel-linux-x86_64-debian-clang, r-devel-linux-x86_64-debian-gcc

mirror server hosted at Truenetwork, Russian Federation.