Last updated on 2025-11-04 05:51:27 CET.
| Flavor | Version | Tinstall | Tcheck | Ttotal | Status | Flags | 
|---|---|---|---|---|---|---|
| r-devel-linux-x86_64-debian-clang | 1.2.1 | 4.29 | 47.91 | 52.20 | NOTE | |
| r-devel-linux-x86_64-debian-gcc | 1.2.1 | 2.31 | 35.75 | 38.06 | NOTE | |
| r-devel-linux-x86_64-fedora-clang | 1.2.1 | 68.85 | WARN | |||
| r-devel-linux-x86_64-fedora-gcc | 1.2.1 | 77.29 | WARN | |||
| r-devel-windows-x86_64 | 1.2.1 | 5.00 | 76.00 | 81.00 | OK | |
| r-patched-linux-x86_64 | 1.2.1 | 4.39 | 45.54 | 49.93 | OK | |
| r-release-linux-x86_64 | 1.2.1 | 4.41 | 45.77 | 50.18 | OK | |
| r-release-macos-arm64 | 1.2.1 | 2.00 | 41.00 | 43.00 | OK | |
| r-release-macos-x86_64 | 1.2.1 | 4.00 | 60.00 | 64.00 | OK | |
| r-release-windows-x86_64 | 1.2.1 | 6.00 | 75.00 | 81.00 | OK | |
| r-oldrel-macos-arm64 | 1.2.1 | 2.00 | 30.00 | 32.00 | OK | |
| r-oldrel-macos-x86_64 | 1.2.1 | 3.00 | 47.00 | 50.00 | OK | |
| r-oldrel-windows-x86_64 | 1.2.1 | 9.00 | 87.00 | 96.00 | OK | 
Version: 1.2.1
Check: CRAN incoming feasibility
Result: NOTE
  Maintainer: ‘Kem Phillips <kemphillips@comcast.net>’
  
  No Authors@R field in DESCRIPTION.
  Please add one, modifying
    Authors@R: person(given = "Kem",
                      family = "Phillips",
                      role = c("aut", "cre"),
                      email = "kemphillips@comcast.net")
  as necessary.
Flavors: r-devel-linux-x86_64-debian-clang, r-devel-linux-x86_64-debian-gcc
Version: 1.2.1
Check: re-building of vignette outputs
Result: WARN
  Error(s) in re-building vignettes:
  --- re-building ‘symmoments.rnw’ using Sweave
  Loading required package: mvtnorm
  Loading required package: cubature
  Loading required package: combinat
  
  Attaching package: ‘combinat’
  
  The following object is masked from ‘package:utils’:
  
      combn
  
  Loading required package: multipol
  Loading required package: abind
  
  Attaching package: ‘multipol’
  
  The following object is masked from ‘package:stats’:
  
      deriv
  
  The following object is masked from ‘package:base’:
  
      single
  
  Error: processing vignette 'symmoments.rnw' failed with diagnostics:
  Running 'texi2dvi' on 'symmoments.tex' failed.
  LaTeX errors:
  ! Missing $ inserted.
  <inserted text> 
                  $
  l.405 
        
  ! Emergency stop.
  <inserted text> 
                  $
  l.405 
        
  !  ==> Fatal error occurred, no output PDF file produced!
  --- failed re-building ‘symmoments.rnw’
  
  SUMMARY: processing the following file failed:
    ‘symmoments.rnw’
  
  Error: Vignette re-building failed.
  Execution halted
Flavors: r-devel-linux-x86_64-fedora-clang, r-devel-linux-x86_64-fedora-gcc