CRAN Package Check Results for Package svylme

Last updated on 2025-07-16 07:49:22 CEST.

Flavor Version Tinstall Tcheck Ttotal Status Flags
r-devel-linux-x86_64-debian-clang 1.5-1 10.49 101.64 112.13 NOTE
r-devel-linux-x86_64-debian-gcc 1.5-1 6.91 71.72 78.63 NOTE
r-devel-linux-x86_64-fedora-clang 1.5-1 171.62 OK
r-devel-linux-x86_64-fedora-gcc 1.5-1 163.83 OK
r-devel-windows-x86_64 1.5-1 10.00 107.00 117.00 OK
r-patched-linux-x86_64 1.5-1 10.07 98.03 108.10 OK
r-release-linux-x86_64 1.5-1 8.71 98.38 107.09 OK
r-release-macos-arm64 1.5-1 61.00 OK
r-release-macos-x86_64 1.5-1 118.00 OK
r-release-windows-x86_64 1.5-1 11.00 108.00 119.00 OK
r-oldrel-macos-arm64 1.5-1 47.00 OK
r-oldrel-macos-x86_64 1.5-1 74.00 OK
r-oldrel-windows-x86_64 1.5-1 14.00 142.00 156.00 OK

Check Details

Version: 1.5-1
Check: CRAN incoming feasibility
Result: NOTE Maintainer: ‘Thomas Lumley <t.lumley@auckland.ac.nz>’ The Description field contains likelihood, as described in Lumley & Huang (2023) <arXiv:2311.13048>. Please refer to arXiv e-prints via their arXiv DOI <doi:10.48550/arXiv.YYMM.NNNNN>. Flavors: r-devel-linux-x86_64-debian-clang, r-devel-linux-x86_64-debian-gcc

mirror server hosted at Truenetwork, Russian Federation.