Last updated on 2025-05-23 00:50:28 CEST.
Flavor | Version | Tinstall | Tcheck | Ttotal | Status | Flags |
---|---|---|---|---|---|---|
r-devel-linux-x86_64-debian-clang | 0.9-45 | 3.95 | 31.25 | 35.20 | NOTE | |
r-devel-linux-x86_64-debian-gcc | 0.9-45 | 3.43 | 24.76 | 28.19 | NOTE | |
r-devel-linux-x86_64-fedora-clang | 0.9-45 | 58.17 | OK | |||
r-devel-linux-x86_64-fedora-gcc | 0.9-45 | 56.92 | OK | |||
r-devel-windows-x86_64 | 0.9-45 | 6.00 | 109.00 | 115.00 | OK | |
r-patched-linux-x86_64 | 0.9-45 | 4.29 | 29.35 | 33.64 | OK | |
r-release-linux-x86_64 | 0.9-45 | 4.13 | 29.61 | 33.74 | OK | |
r-release-macos-arm64 | 0.9-45 | 31.00 | OK | |||
r-release-macos-x86_64 | 0.9-45 | 37.00 | OK | |||
r-release-windows-x86_64 | 0.9-45 | 4.00 | 96.00 | 100.00 | OK | |
r-oldrel-macos-arm64 | 0.9-45 | 22.00 | OK | |||
r-oldrel-macos-x86_64 | 0.9-45 | 30.00 | OK | |||
r-oldrel-windows-x86_64 | 0.9-45 | 5.00 | 60.00 | 65.00 | OK |
Version: 0.9-45
Check: CRAN incoming feasibility
Result: NOTE
Maintainer: ‘Philippe Grosjean <phgrosjean@sciviews.org>’
Package CITATION file contains call(s) to old-style personList() or
as.personList(). Please use c() on person objects instead.
Package CITATION file contains call(s) to old-style citEntry(). Please
use bibentry() instead.
Flavors: r-devel-linux-x86_64-debian-clang, r-devel-linux-x86_64-debian-gcc