CRAN Package Check Results for Package svSweave

Last updated on 2025-07-13 18:52:58 CEST.

Flavor Version Tinstall Tcheck Ttotal Status Flags
r-devel-linux-x86_64-debian-clang 1.0.0 2.61 32.00 34.61 NOTE
r-devel-linux-x86_64-debian-gcc 1.0.0 2.28 26.48 28.76 NOTE
r-devel-linux-x86_64-fedora-clang 1.0.0 55.79 OK
r-devel-linux-x86_64-fedora-gcc 1.0.0 65.43 OK
r-devel-windows-x86_64 1.0.0 4.00 52.00 56.00 OK
r-patched-linux-x86_64 1.0.0 3.28 31.00 34.28 OK
r-release-linux-x86_64 1.0.0 3.00 30.49 33.49 OK
r-release-macos-arm64 1.0.0 51.00 OK
r-release-macos-x86_64 1.0.0 48.00 OK
r-release-windows-x86_64 1.0.0 5.00 56.00 61.00 OK
r-oldrel-macos-arm64 1.0.0 28.00 OK
r-oldrel-macos-x86_64 1.0.0 39.00 OK
r-oldrel-windows-x86_64 1.0.0 6.00 62.00 68.00 OK

Check Details

Version: 1.0.0
Check: CRAN incoming feasibility
Result: NOTE Maintainer: ‘Philippe Grosjean <phgrosjean@sciviews.org>’ Package CITATION file contains call(s) to old-style personList() or as.personList(). Please use c() on person objects instead. Package CITATION file contains call(s) to old-style citEntry(). Please use bibentry() instead. Flavors: r-devel-linux-x86_64-debian-clang, r-devel-linux-x86_64-debian-gcc

mirror server hosted at Truenetwork, Russian Federation.