CRAN Package Check Results for Package svHttp

Last updated on 2025-07-13 00:48:42 CEST.

Flavor Version Tinstall Tcheck Ttotal Status Flags
r-devel-linux-x86_64-debian-clang 1.0.4 3.08 30.36 33.44 NOTE
r-devel-linux-x86_64-debian-gcc 1.0.4 2.45 24.27 26.72 NOTE
r-devel-linux-x86_64-fedora-clang 1.0.4 54.11 OK
r-devel-linux-x86_64-fedora-gcc 1.0.4 62.34 OK
r-devel-windows-x86_64 1.0.4 4.00 51.00 55.00 OK
r-patched-linux-x86_64 1.0.4 2.60 28.91 31.51 OK
r-release-linux-x86_64 1.0.4 2.63 28.76 31.39 OK
r-release-macos-arm64 1.0.4 33.00 OK
r-release-macos-x86_64 1.0.4 47.00 OK
r-release-windows-x86_64 1.0.4 3.00 56.00 59.00 OK
r-oldrel-macos-arm64 1.0.4 24.00 OK
r-oldrel-macos-x86_64 1.0.4 36.00 OK
r-oldrel-windows-x86_64 1.0.4 4.00 59.00 63.00 OK

Check Details

Version: 1.0.4
Check: CRAN incoming feasibility
Result: NOTE Maintainer: ‘Philippe Grosjean <phgrosjean@sciviews.org>’ Package CITATION file contains call(s) to old-style personList() or as.personList(). Please use c() on person objects instead. Package CITATION file contains call(s) to old-style citEntry(). Please use bibentry() instead. Flavors: r-devel-linux-x86_64-debian-clang, r-devel-linux-x86_64-debian-gcc

mirror server hosted at Truenetwork, Russian Federation.