Last updated on 2025-11-04 05:51:27 CET.
| Flavor | Version | Tinstall | Tcheck | Ttotal | Status | Flags | 
|---|---|---|---|---|---|---|
| r-devel-linux-x86_64-debian-clang | 0.1.0 | 9.38 | 81.27 | 90.65 | NOTE | |
| r-devel-linux-x86_64-debian-gcc | 0.1.0 | 6.49 | 57.40 | 63.89 | NOTE | |
| r-devel-linux-x86_64-fedora-clang | 0.1.0 | 19.00 | 117.84 | 136.84 | OK | |
| r-devel-linux-x86_64-fedora-gcc | 0.1.0 | 16.00 | 109.15 | 125.15 | OK | |
| r-devel-windows-x86_64 | 0.1.0 | 12.00 | 83.00 | 95.00 | OK | |
| r-patched-linux-x86_64 | 0.1.0 | 8.73 | 74.27 | 83.00 | OK | |
| r-release-linux-x86_64 | 0.1.0 | 8.31 | 74.69 | 83.00 | OK | |
| r-release-macos-arm64 | 0.1.0 | 4.00 | 35.00 | 39.00 | OK | |
| r-release-macos-x86_64 | 0.1.0 | 9.00 | 69.00 | 78.00 | OK | |
| r-release-windows-x86_64 | 0.1.0 | 11.00 | 82.00 | 93.00 | OK | |
| r-oldrel-macos-arm64 | 0.1.0 | 4.00 | 36.00 | 40.00 | OK | |
| r-oldrel-macos-x86_64 | 0.1.0 | 7.00 | 55.00 | 62.00 | OK | |
| r-oldrel-windows-x86_64 | 0.1.0 | 14.00 | 109.00 | 123.00 | OK | 
Version: 0.1.0
Check: CRAN incoming feasibility
Result: NOTE
  Maintainer: ‘Xuefei Jia <xuefeij.ai@gmail.com>’
  
  No Authors@R field in DESCRIPTION.
  Please add one, modifying
    Authors@R: person(given = "Xuefei",
                      family = "Jia",
                      role = c("aut", "cre"),
                      email = "xuefeij.ai@gmail.com")
  as necessary.
Flavors: r-devel-linux-x86_64-debian-clang, r-devel-linux-x86_64-debian-gcc