Last updated on 2025-02-22 05:51:53 CET.
Flavor | Version | Tinstall | Tcheck | Ttotal | Status | Flags |
---|---|---|---|---|---|---|
r-devel-linux-x86_64-debian-clang | 2.3.5 | 10.96 | 86.39 | 97.35 | NOTE | |
r-devel-linux-x86_64-debian-gcc | 2.3.5 | 6.65 | 60.54 | 67.19 | NOTE | |
r-devel-linux-x86_64-fedora-clang | 2.3.5 | 164.85 | NOTE | |||
r-devel-linux-x86_64-fedora-gcc | 2.3.5 | 146.46 | NOTE | |||
r-devel-macos-arm64 | 2.3.5 | 44.00 | OK | |||
r-devel-macos-x86_64 | 2.3.5 | 82.00 | NOTE | |||
r-devel-windows-x86_64 | 2.3.5 | 14.00 | 107.00 | 121.00 | NOTE | |
r-patched-linux-x86_64 | 2.3.5 | 9.76 | 80.73 | 90.49 | OK | |
r-release-linux-x86_64 | 2.3.5 | 10.53 | 79.98 | 90.51 | OK | |
r-release-macos-arm64 | 2.3.5 | 49.00 | OK | |||
r-release-macos-x86_64 | 2.3.5 | 80.00 | OK | |||
r-release-windows-x86_64 | 2.3.5 | 13.00 | 106.00 | 119.00 | OK | |
r-oldrel-macos-arm64 | 2.3.5 | 48.00 | OK | |||
r-oldrel-macos-x86_64 | 2.3.5 | 101.00 | OK | |||
r-oldrel-windows-x86_64 | 2.3.5 | 17.00 | 168.00 | 185.00 | OK |
Version: 2.3.5
Check: DESCRIPTION meta-information
Result: NOTE
Missing dependency on R >= 4.1.0 because package code uses the pipe
|> or function shorthand \(...) syntax added in R 4.1.0.
File(s) using such syntax:
‘add.R’ ‘filters.R’ ‘get.R’ ‘helpers.R’
Flavors: r-devel-linux-x86_64-debian-clang, r-devel-linux-x86_64-debian-gcc, r-devel-linux-x86_64-fedora-clang, r-devel-linux-x86_64-fedora-gcc, r-devel-macos-x86_64, r-devel-windows-x86_64