Last updated on 2025-11-04 05:51:27 CET.
| Flavor | Version | Tinstall | Tcheck | Ttotal | Status | Flags | 
|---|---|---|---|---|---|---|
| r-devel-linux-x86_64-debian-clang | 2.3.8 | 13.60 | 111.16 | 124.76 | OK | |
| r-devel-linux-x86_64-debian-gcc | 2.3.8 | 8.32 | 73.90 | 82.22 | OK | |
| r-devel-linux-x86_64-fedora-clang | 2.3.8 | 29.00 | 148.16 | 177.16 | OK | |
| r-devel-linux-x86_64-fedora-gcc | 2.3.8 | 32.00 | 139.59 | 171.59 | OK | |
| r-devel-windows-x86_64 | 2.3.8 | 15.00 | 113.00 | 128.00 | OK | |
| r-patched-linux-x86_64 | 2.3.8 | 13.12 | 100.22 | 113.34 | OK | |
| r-release-linux-x86_64 | 2.3.8 | 11.78 | 100.13 | 111.91 | OK | |
| r-release-macos-arm64 | 2.3.8 | 6.00 | 44.00 | 50.00 | OK | |
| r-release-macos-x86_64 | 2.3.8 | 19.00 | 101.00 | 120.00 | OK | |
| r-release-windows-x86_64 | 2.3.8 | 14.00 | 115.00 | 129.00 | OK | |
| r-oldrel-macos-arm64 | 2.3.8 | 6.00 | 50.00 | 56.00 | OK | |
| r-oldrel-macos-x86_64 | 2.3.8 | 18.00 | 101.00 | 119.00 | NOTE | |
| r-oldrel-windows-x86_64 | 2.3.8 | 22.00 | 148.00 | 170.00 | OK | 
Version: 2.3.8
Check: installed package size
Result: NOTE
    installed size is  5.1Mb
    sub-directories of 1Mb or more:
      data   2.4Mb
Flavor: r-oldrel-macos-x86_64