CRAN Package Check Results for Package survival.svb

Last updated on 2025-11-28 12:48:53 CET.

Flavor Version Tinstall Tcheck Ttotal Status Flags
r-devel-linux-x86_64-debian-clang 0.0-2 32.25 27.54 59.79 NOTE
r-devel-linux-x86_64-debian-gcc 0.0-2 18.01 23.43 41.44 NOTE
r-devel-linux-x86_64-fedora-clang 0.0-2 81.00 21.44 102.44 NOTE
r-devel-linux-x86_64-fedora-gcc 0.0-2 149.00 -53.12 95.88 NOTE
r-devel-windows-x86_64 0.0-2 48.00 62.00 110.00 NOTE
r-patched-linux-x86_64 0.0-2 29.08 25.84 54.92 NOTE
r-release-linux-x86_64 0.0-2 27.94 25.59 53.53 NOTE
r-release-macos-arm64 0.0-2 NOTE
r-release-macos-x86_64 0.0-2 13.00 33.00 46.00 NOTE
r-release-windows-x86_64 0.0-2 39.00 67.00 106.00 NOTE
r-oldrel-macos-arm64 0.0-2 NOTE
r-oldrel-macos-x86_64 0.0-2 16.00 30.00 46.00 NOTE
r-oldrel-windows-x86_64 0.0-2 42.00 77.00 119.00 NOTE

Check Details

Version: 0.0-2
Check: CRAN incoming feasibility
Result: NOTE Maintainer: ‘Michael Komodromos <mk1019@ic.ac.uk>’ No Authors@R field in DESCRIPTION. Please add one, modifying Authors@R: person(given = "Michael", family = "Komodromos", role = c("aut", "cre"), email = "mk1019@ic.ac.uk") as necessary. The Description field contains information see Komodromos et al. (2021) <arXiv:2112.10270>. Please refer to arXiv e-prints via their arXiv DOI <doi:10.48550/arXiv.YYMM.NNNNN>. Flavors: r-devel-linux-x86_64-debian-clang, r-devel-linux-x86_64-debian-gcc

Version: 0.0-2
Check: C++ specification
Result: NOTE Specified C++11: support will be removed soon Flavors: r-devel-linux-x86_64-debian-clang, r-devel-linux-x86_64-debian-gcc, r-devel-linux-x86_64-fedora-clang, r-devel-linux-x86_64-fedora-gcc

Version: 0.0-2
Check: C++ specification
Result: NOTE Specified C++11: please drop specification unless essential Flavors: r-devel-windows-x86_64, r-patched-linux-x86_64, r-release-linux-x86_64, r-release-macos-arm64, r-release-macos-x86_64, r-release-windows-x86_64, r-oldrel-macos-arm64, r-oldrel-macos-x86_64, r-oldrel-windows-x86_64

mirror server hosted at Truenetwork, Russian Federation.