Last updated on 2025-11-04 05:51:27 CET.
| Flavor | Version | Tinstall | Tcheck | Ttotal | Status | Flags | 
|---|---|---|---|---|---|---|
| r-devel-linux-x86_64-debian-clang | 1.1.1 | 100.13 | 155.73 | 255.86 | OK | |
| r-devel-linux-x86_64-debian-gcc | 1.1.1 | 67.05 | 106.93 | 173.98 | OK | |
| r-devel-linux-x86_64-fedora-clang | 1.1.1 | 230.00 | 178.65 | 408.65 | OK | |
| r-devel-linux-x86_64-fedora-gcc | 1.1.1 | 202.00 | 166.96 | 368.96 | OK | |
| r-devel-windows-x86_64 | 1.1.1 | 131.00 | 175.00 | 306.00 | OK | |
| r-patched-linux-x86_64 | 1.1.1 | 101.55 | 146.07 | 247.62 | OK | |
| r-release-linux-x86_64 | 1.1.1 | 105.65 | 145.61 | 251.26 | OK | |
| r-release-macos-arm64 | 1.1.1 | 34.00 | 44.00 | 78.00 | OK | |
| r-release-macos-x86_64 | 1.1.1 | 48.00 | 93.00 | 141.00 | OK | |
| r-release-windows-x86_64 | 1.1.1 | 124.00 | 173.00 | 297.00 | OK | |
| r-oldrel-macos-arm64 | 1.1.1 | 40.00 | 68.00 | 108.00 | NOTE | |
| r-oldrel-macos-x86_64 | 1.1.1 | 51.00 | 126.00 | 177.00 | NOTE | |
| r-oldrel-windows-x86_64 | 1.1.1 | 163.00 | 222.00 | 385.00 | NOTE | 
Version: 1.1.1
Check: package dependencies
Result: NOTE
  Package suggested but not available for checking: ‘gurobi’
Flavors: r-oldrel-macos-arm64, r-oldrel-macos-x86_64, r-oldrel-windows-x86_64
Version: 1.1.1
Check: installed package size
Result: NOTE
    installed size is  9.8Mb
    sub-directories of 1Mb or more:
      libs   8.9Mb
Flavors: r-oldrel-macos-arm64, r-oldrel-macos-x86_64