Last updated on 2025-11-04 11:52:45 CET.
| Flavor | Version | Tinstall | Tcheck | Ttotal | Status | Flags | 
|---|---|---|---|---|---|---|
| r-devel-linux-x86_64-debian-clang | 1.0-4 | 6.25 | 69.36 | 75.61 | NOTE | |
| r-devel-linux-x86_64-debian-gcc | 1.0-4 | 4.42 | 53.17 | 57.59 | NOTE | |
| r-devel-linux-x86_64-fedora-clang | 1.0-4 | 16.00 | 98.95 | 114.95 | OK | |
| r-devel-linux-x86_64-fedora-gcc | 1.0-4 | 17.00 | 105.32 | 122.32 | OK | |
| r-devel-windows-x86_64 | 1.0-4 | 8.00 | 80.00 | 88.00 | OK | |
| r-patched-linux-x86_64 | 1.0-4 | 6.68 | 66.18 | 72.86 | OK | |
| r-release-linux-x86_64 | 1.0-4 | 6.75 | 66.54 | 73.29 | OK | |
| r-release-macos-arm64 | 1.0-4 | 3.00 | 46.00 | 49.00 | OK | |
| r-release-macos-x86_64 | 1.0-4 | 7.00 | 77.00 | 84.00 | OK | |
| r-release-windows-x86_64 | 1.0-4 | 7.00 | 78.00 | 85.00 | OK | |
| r-oldrel-macos-arm64 | 1.0-4 | 3.00 | 38.00 | 41.00 | OK | |
| r-oldrel-macos-x86_64 | 1.0-4 | 5.00 | 55.00 | 60.00 | OK | |
| r-oldrel-windows-x86_64 | 1.0-4 | 9.00 | 99.00 | 108.00 | OK | 
Version: 1.0-4
Check: CRAN incoming feasibility
Result: NOTE
  Maintainer: ‘Hajime Uno <huno@jimmy.harvard.edu>’
  
  No Authors@R field in DESCRIPTION.
  Please add one, modifying
    Authors@R: c(person(given = "Hajime",
                        family = "Uno",
                        role = c("aut", "cre"),
                        email = "huno@jimmy.harvard.edu"),
                 person(given = "Lu",
                        family = "Tian",
                        role = "aut"),
                 person(given = "Miki",
                        family = "Horiguchi",
                        role = "aut"),
                 person(given = "Angel",
                        family = "Cronin",
                        role = "aut"),
                 person(given = "Chakib",
                        family = "Battioui",
                        role = "aut"),
                 person(given = "James",
                        family = "Bell",
                        role = "aut"))
  as necessary.
Flavors: r-devel-linux-x86_64-debian-clang, r-devel-linux-x86_64-debian-gcc