CRAN Package Check Results for Package survELtest

Last updated on 2025-07-13 06:48:39 CEST.

Flavor Version Tinstall Tcheck Ttotal Status Flags
r-devel-linux-x86_64-debian-clang 2.0.1 7.60 81.43 89.03 NOTE
r-devel-linux-x86_64-debian-gcc 2.0.1 5.88 57.85 63.73 NOTE
r-devel-linux-x86_64-fedora-clang 2.0.1 135.60 OK
r-devel-linux-x86_64-fedora-gcc 2.0.1 132.03 OK
r-devel-windows-x86_64 2.0.1 9.00 96.00 105.00 OK
r-patched-linux-x86_64 2.0.1 9.54 77.25 86.79 OK
r-release-linux-x86_64 2.0.1 8.62 76.14 84.76 OK
r-release-macos-arm64 2.0.1 41.00 OK
r-release-macos-x86_64 2.0.1 73.00 OK
r-release-windows-x86_64 2.0.1 9.00 105.00 114.00 OK
r-oldrel-macos-arm64 2.0.1 42.00 OK
r-oldrel-macos-x86_64 2.0.1 68.00 OK
r-oldrel-windows-x86_64 2.0.1 13.00 115.00 128.00 OK

Check Details

Version: 2.0.1
Check: CRAN incoming feasibility
Result: NOTE Maintainer: ‘Guo-You Lan <jj6020770416jj@gmail.com>’ No Authors@R field in DESCRIPTION. Please add one, modifying Authors@R: person(given = "Hsin-wen", family = "Chang", role = c("aut", "cre"), email = "hwchang@stat.sinica.edu.tw") as necessary. Flavors: r-devel-linux-x86_64-debian-clang, r-devel-linux-x86_64-debian-gcc

mirror server hosted at Truenetwork, Russian Federation.