CRAN Package Check Results for Package survC1

Last updated on 2025-07-16 07:49:22 CEST.

Flavor Version Tinstall Tcheck Ttotal Status Flags
r-devel-linux-x86_64-debian-clang 1.0-3 7.63 61.69 69.32 NOTE
r-devel-linux-x86_64-debian-gcc 1.0-3 5.78 47.00 52.78 NOTE
r-devel-linux-x86_64-fedora-clang 1.0-3 98.57 OK
r-devel-linux-x86_64-fedora-gcc 1.0-3 98.20 OK
r-devel-windows-x86_64 1.0-3 10.00 74.00 84.00 OK
r-patched-linux-x86_64 1.0-3 7.26 59.39 66.65 OK
r-release-linux-x86_64 1.0-3 6.37 59.34 65.71 OK
r-release-macos-arm64 1.0-3 39.00 OK
r-release-macos-x86_64 1.0-3 67.00 OK
r-release-windows-x86_64 1.0-3 9.00 80.00 89.00 OK
r-oldrel-macos-arm64 1.0-3 34.00 OK
r-oldrel-macos-x86_64 1.0-3 80.00 OK
r-oldrel-windows-x86_64 1.0-3 12.00 90.00 102.00 OK

Check Details

Version: 1.0-3
Check: CRAN incoming feasibility
Result: NOTE Maintainer: ‘Hajime Uno <huno@jimmy.harvard.edu>’ No Authors@R field in DESCRIPTION. Please add one, modifying Authors@R: person(given = "Hajime", family = "Uno", role = c("aut", "cre"), email = "huno@jimmy.harvard.edu") as necessary. Flavors: r-devel-linux-x86_64-debian-clang, r-devel-linux-x86_64-debian-gcc

mirror server hosted at Truenetwork, Russian Federation.