Last updated on 2025-02-22 11:51:44 CET.
Flavor | Version | Tinstall | Tcheck | Ttotal | Status | Flags |
---|---|---|---|---|---|---|
r-devel-linux-x86_64-debian-clang | 1.0.4 | 2.16 | 21.59 | 23.75 | OK | |
r-devel-linux-x86_64-debian-gcc | 1.0.4 | 1.79 | 17.21 | 19.00 | OK | |
r-devel-linux-x86_64-fedora-clang | 1.0.4 | 39.84 | NOTE | |||
r-devel-linux-x86_64-fedora-gcc | 1.0.4 | 36.81 | NOTE | |||
r-devel-macos-arm64 | 1.0.4 | 17.00 | OK | |||
r-devel-macos-x86_64 | 1.0.4 | 25.00 | OK | |||
r-devel-windows-x86_64 | 1.0.4 | 4.00 | 51.00 | 55.00 | OK | |
r-patched-linux-x86_64 | 1.0.4 | 2.64 | 20.60 | 23.24 | OK | |
r-release-linux-x86_64 | 1.0.4 | 2.26 | 20.54 | 22.80 | OK | |
r-release-macos-arm64 | 1.0.4 | 18.00 | OK | |||
r-release-macos-x86_64 | 1.0.4 | 23.00 | OK | |||
r-release-windows-x86_64 | 1.0.4 | 4.00 | 50.00 | 54.00 | OK | |
r-oldrel-macos-arm64 | 1.0.4 | 20.00 | OK | |||
r-oldrel-macos-x86_64 | 1.0.4 | 23.00 | OK | |||
r-oldrel-windows-x86_64 | 1.0.4 | 5.00 | 53.00 | 58.00 | OK |
Version: 1.0.4
Check: dependencies in R code
Result: NOTE
Namespace in Imports field not imported from: ‘learnr’
All declared Imports should be used.
Flavors: r-devel-linux-x86_64-fedora-clang, r-devel-linux-x86_64-fedora-gcc