Last updated on 2025-05-28 00:49:16 CEST.
Flavor | Version | Tinstall | Tcheck | Ttotal | Status | Flags |
---|---|---|---|---|---|---|
r-devel-linux-x86_64-debian-clang | 1.0.4 | 2.44 | 22.31 | 24.75 | OK | |
r-devel-linux-x86_64-debian-gcc | 1.0.4 | 1.81 | 17.89 | 19.70 | OK | |
r-devel-linux-x86_64-fedora-clang | 1.0.4 | 38.29 | NOTE | |||
r-devel-linux-x86_64-fedora-gcc | 1.0.4 | 36.43 | NOTE | |||
r-devel-windows-x86_64 | 1.0.4 | 5.00 | 50.00 | 55.00 | OK | |
r-patched-linux-x86_64 | 1.0.4 | 2.82 | 21.08 | 23.90 | OK | |
r-release-linux-x86_64 | 1.0.4 | 2.06 | 21.43 | 23.49 | OK | |
r-release-macos-arm64 | 1.0.4 | 17.00 | OK | |||
r-release-macos-x86_64 | 1.0.4 | 26.00 | OK | |||
r-release-windows-x86_64 | 1.0.4 | 5.00 | 50.00 | 55.00 | OK | |
r-oldrel-macos-arm64 | 1.0.4 | 18.00 | OK | |||
r-oldrel-macos-x86_64 | 1.0.4 | 23.00 | OK | |||
r-oldrel-windows-x86_64 | 1.0.4 | 5.00 | 53.00 | 58.00 | OK |
Version: 1.0.4
Check: dependencies in R code
Result: NOTE
Namespace in Imports field not imported from: ‘learnr’
All declared Imports should be used.
Flavors: r-devel-linux-x86_64-fedora-clang, r-devel-linux-x86_64-fedora-gcc