CRAN Package Check Results for Package sur

Last updated on 2025-07-16 07:49:22 CEST.

Flavor Version Tinstall Tcheck Ttotal Status Flags
r-devel-linux-x86_64-debian-clang 1.0.4 2.19 22.92 25.11 OK
r-devel-linux-x86_64-debian-gcc 1.0.4 1.89 18.82 20.71 OK
r-devel-linux-x86_64-fedora-clang 1.0.4 38.76 NOTE
r-devel-linux-x86_64-fedora-gcc 1.0.4 35.63 NOTE
r-devel-windows-x86_64 1.0.4 5.00 49.00 54.00 OK
r-patched-linux-x86_64 1.0.4 2.37 21.43 23.80 OK
r-release-linux-x86_64 1.0.4 1.81 21.41 23.22 OK
r-release-macos-arm64 1.0.4 17.00 OK
r-release-macos-x86_64 1.0.4 26.00 OK
r-release-windows-x86_64 1.0.4 5.00 49.00 54.00 OK
r-oldrel-macos-arm64 1.0.4 18.00 OK
r-oldrel-macos-x86_64 1.0.4 23.00 OK
r-oldrel-windows-x86_64 1.0.4 5.00 55.00 60.00 OK

Check Details

Version: 1.0.4
Check: dependencies in R code
Result: NOTE Namespace in Imports field not imported from: ‘learnr’ All declared Imports should be used. Flavors: r-devel-linux-x86_64-fedora-clang, r-devel-linux-x86_64-fedora-gcc

mirror server hosted at Truenetwork, Russian Federation.