Last updated on 2025-05-22 18:52:21 CEST.
Flavor | Version | Tinstall | Tcheck | Ttotal | Status | Flags |
---|---|---|---|---|---|---|
r-devel-linux-x86_64-debian-clang | 0.7-0 | 2.87 | 38.93 | 41.80 | NOTE | |
r-devel-linux-x86_64-debian-gcc | 0.7-0 | 2.70 | 29.89 | 32.59 | NOTE | |
r-devel-linux-x86_64-fedora-clang | 0.7-0 | 66.57 | OK | |||
r-devel-linux-x86_64-fedora-gcc | 0.7-0 | 62.31 | OK | |||
r-devel-windows-x86_64 | 0.7-0 | 5.00 | 82.00 | 87.00 | OK | |
r-patched-linux-x86_64 | 0.7-0 | 4.02 | 36.82 | 40.84 | OK | |
r-release-linux-x86_64 | 0.7-0 | 3.59 | 37.09 | 40.68 | OK | |
r-release-macos-arm64 | 0.7-0 | 27.00 | OK | |||
r-release-macos-x86_64 | 0.7-0 | 44.00 | OK | |||
r-release-windows-x86_64 | 0.7-0 | 5.00 | 103.00 | 108.00 | OK | |
r-oldrel-macos-arm64 | 0.7-0 | 23.00 | OK | |||
r-oldrel-macos-x86_64 | 0.7-0 | 37.00 | OK | |||
r-oldrel-windows-x86_64 | 0.7-0 | 7.00 | 70.00 | 77.00 | OK |
Version: 0.7-0
Check: CRAN incoming feasibility
Result: NOTE
Maintainer: ‘Hideo Aizaki <azk-r@spa.nifty.com>’
No Authors@R field in DESCRIPTION.
Please add one, modifying
Authors@R: person(given = "Hideo",
family = "Aizaki",
role = c("aut", "cre"),
email = "azk-r@spa.nifty.com")
as necessary.
Flavors: r-devel-linux-x86_64-debian-clang, r-devel-linux-x86_64-debian-gcc