Last updated on 2025-11-03 17:50:05 CET.
| Flavor | Version | Tinstall | Tcheck | Ttotal | Status | Flags |
|---|---|---|---|---|---|---|
| r-devel-linux-x86_64-debian-clang | 3.0.0 | 5.00 | 100.77 | 105.77 | NOTE | |
| r-devel-linux-x86_64-debian-gcc | 3.0.0 | 3.44 | 68.76 | 72.20 | NOTE | |
| r-devel-linux-x86_64-fedora-clang | 3.0.0 | 11.00 | 155.60 | 166.60 | OK | |
| r-devel-linux-x86_64-fedora-gcc | 3.0.0 | 17.00 | 171.88 | 188.88 | NOTE | |
| r-devel-windows-x86_64 | 3.0.0 | 9.00 | 197.00 | 206.00 | NOTE | |
| r-patched-linux-x86_64 | 3.0.0 | 5.11 | 92.39 | 97.50 | NOTE | |
| r-release-linux-x86_64 | 3.0.0 | 4.13 | 91.27 | 95.40 | NOTE | |
| r-release-macos-arm64 | 3.0.0 | 3.00 | 53.00 | 56.00 | OK | |
| r-release-macos-x86_64 | 3.0.0 | 5.00 | 90.00 | 95.00 | OK | |
| r-release-windows-x86_64 | 3.0.0 | 7.00 | 193.00 | 200.00 | NOTE | |
| r-oldrel-macos-arm64 | 3.0.0 | 3.00 | 43.00 | 46.00 | OK | |
| r-oldrel-macos-x86_64 | 3.0.0 | 4.00 | 64.00 | 68.00 | OK | |
| r-oldrel-windows-x86_64 | 3.0.0 | 11.00 | 213.00 | 224.00 | OK |
Version: 3.0.0
Check: Rd cross-references
Result: NOTE
Found the following Rd file(s) with Rd \link{} targets missing package
anchors:
level_pairs.Rd: tibble
new_pairwise_tbl.Rd: tibble
row_blank.Rd: tibble_row
row_error.Rd: tibble_row
row_term.Rd: tibble_row
Please provide package anchors for all Rd \link{} targets not in the
package itself and the base packages.
Flavors: r-devel-linux-x86_64-debian-clang, r-devel-linux-x86_64-debian-gcc, r-devel-windows-x86_64, r-patched-linux-x86_64, r-release-linux-x86_64, r-release-windows-x86_64
Version: 3.0.0
Check: for non-standard things in the check directory
Result: NOTE
Found the following files/directories:
‘JMRData’
Flavor: r-devel-linux-x86_64-fedora-gcc