CRAN Package Check Results for Package superbiclust

Last updated on 2025-07-16 07:49:22 CEST.

Flavor Version Tinstall Tcheck Ttotal Status Flags
r-devel-linux-x86_64-debian-clang 1.2 15.85 108.22 124.07 NOTE
r-devel-linux-x86_64-debian-gcc 1.2 11.53 72.68 84.21 NOTE
r-devel-linux-x86_64-fedora-clang 1.2 186.40 NOTE
r-devel-linux-x86_64-fedora-gcc 1.2 170.79 NOTE
r-devel-windows-x86_64 1.2 14.00 105.00 119.00 NOTE
r-patched-linux-x86_64 1.2 15.54 99.62 115.16 NOTE
r-release-linux-x86_64 1.2 15.29 98.41 113.70 NOTE
r-release-macos-arm64 1.2 52.00 NOTE
r-release-macos-x86_64 1.2 107.00 NOTE
r-release-windows-x86_64 1.2 16.00 118.00 134.00 NOTE
r-oldrel-macos-arm64 1.2 50.00 NOTE
r-oldrel-macos-x86_64 1.2 87.00 NOTE
r-oldrel-windows-x86_64 1.2 20.00 134.00 154.00 NOTE

Check Details

Version: 1.2
Check: CRAN incoming feasibility
Result: NOTE Maintainer: ‘Tatsiana Khamiakova <t.tavita@gmail.com>’ No Authors@R field in DESCRIPTION. Please add one, modifying Authors@R: person(given = "Tatsiana", family = "Khamiakova", role = c("aut", "cre"), email = "t.tavita@gmail.com") as necessary. Flavors: r-devel-linux-x86_64-debian-clang, r-devel-linux-x86_64-debian-gcc

Version: 1.2
Check: Rd files
Result: NOTE checkRd: (-1) BiclustSet-class.Rd:19: Lost braces 19 | \item{\code{Number}:}{code{"numeric"}, number of biclusters in the set} | ^ Flavors: r-devel-linux-x86_64-debian-clang, r-devel-linux-x86_64-debian-gcc, r-devel-linux-x86_64-fedora-clang, r-devel-linux-x86_64-fedora-gcc, r-devel-windows-x86_64, r-patched-linux-x86_64, r-release-linux-x86_64, r-release-macos-arm64, r-release-macos-x86_64, r-release-windows-x86_64, r-oldrel-macos-arm64, r-oldrel-macos-x86_64, r-oldrel-windows-x86_64

mirror server hosted at Truenetwork, Russian Federation.