CRAN Package Check Results for Package sudachir

Last updated on 2025-07-13 00:48:42 CEST.

Flavor Version Tinstall Tcheck Ttotal Status Flags
r-devel-linux-x86_64-debian-clang 0.1.0 1.53 24.69 26.22 OK
r-devel-linux-x86_64-debian-gcc 0.1.0 1.40 20.47 21.87 OK
r-devel-linux-x86_64-fedora-clang 0.1.0 39.65 NOTE
r-devel-linux-x86_64-fedora-gcc 0.1.0 37.45 NOTE
r-devel-windows-x86_64 0.1.0 4.00 56.00 60.00 OK
r-patched-linux-x86_64 0.1.0 1.99 22.23 24.22 OK
r-release-linux-x86_64 0.1.0 1.29 22.21 23.50 OK
r-release-macos-arm64 0.1.0 20.00 OK
r-release-macos-x86_64 0.1.0 28.00 OK
r-release-windows-x86_64 0.1.0 3.00 65.00 68.00 OK
r-oldrel-macos-arm64 0.1.0 17.00 NOTE
r-oldrel-macos-x86_64 0.1.0 25.00 NOTE
r-oldrel-windows-x86_64 0.1.0 4.00 55.00 59.00 NOTE

Check Details

Version: 0.1.0
Check: dependencies in R code
Result: NOTE Namespace in Imports field not imported from: ‘tidyselect’ All declared Imports should be used. Flavors: r-devel-linux-x86_64-fedora-clang, r-devel-linux-x86_64-fedora-gcc

Version: 0.1.0
Check: LazyData
Result: NOTE 'LazyData' is specified without a 'data' directory Flavors: r-oldrel-macos-arm64, r-oldrel-macos-x86_64, r-oldrel-windows-x86_64

mirror server hosted at Truenetwork, Russian Federation.