CRAN Package Check Results for Package subformula

Last updated on 2025-07-13 18:52:58 CEST.

Flavor Version Tinstall Tcheck Ttotal Status Flags
r-devel-linux-x86_64-debian-clang 0.1.0 1.56 21.65 23.21 OK
r-devel-linux-x86_64-debian-gcc 0.1.0 1.38 18.81 20.19 OK
r-devel-linux-x86_64-fedora-clang 0.1.0 35.65 OK
r-devel-linux-x86_64-fedora-gcc 0.1.0 48.03 OK
r-devel-windows-x86_64 0.1.0 2.00 43.00 45.00 OK
r-patched-linux-x86_64 0.1.0 1.64 19.44 21.08 OK
r-release-linux-x86_64 0.1.0 1.44 19.68 21.12 OK
r-release-macos-arm64 0.1.0 30.00 OK
r-release-macos-x86_64 0.1.0 39.00 OK
r-release-windows-x86_64 0.1.0 4.00 44.00 48.00 OK
r-oldrel-macos-arm64 0.1.0 21.00 NOTE
r-oldrel-macos-x86_64 0.1.0 30.00 NOTE
r-oldrel-windows-x86_64 0.1.0 3.00 52.00 55.00 NOTE

Check Details

Version: 0.1.0
Check: LazyData
Result: NOTE 'LazyData' is specified without a 'data' directory Flavors: r-oldrel-macos-arm64, r-oldrel-macos-x86_64, r-oldrel-windows-x86_64

mirror server hosted at Truenetwork, Russian Federation.