Last updated on 2025-11-04 05:51:27 CET.
| Flavor | Version | Tinstall | Tcheck | Ttotal | Status | Flags | 
|---|---|---|---|---|---|---|
| r-devel-linux-x86_64-debian-clang | 0.1.0 | 14.99 | 257.08 | 272.07 | OK | |
| r-devel-linux-x86_64-debian-gcc | 0.1.0 | 10.38 | 184.67 | 195.05 | OK | |
| r-devel-linux-x86_64-fedora-clang | 0.1.0 | 31.00 | 364.46 | 395.46 | OK | |
| r-devel-linux-x86_64-fedora-gcc | 0.1.0 | 34.00 | 386.70 | 420.70 | OK | |
| r-devel-windows-x86_64 | 0.1.0 | 16.00 | 250.00 | 266.00 | OK | |
| r-patched-linux-x86_64 | 0.1.0 | 13.84 | 245.57 | 259.41 | OK | |
| r-release-linux-x86_64 | 0.1.0 | 13.09 | 245.23 | 258.32 | OK | |
| r-release-macos-arm64 | 0.1.0 | 6.00 | 119.00 | 125.00 | OK | |
| r-release-macos-x86_64 | 0.1.0 | 14.00 | 230.00 | 244.00 | OK | |
| r-release-windows-x86_64 | 0.1.0 | 15.00 | 256.00 | 271.00 | OK | |
| r-oldrel-macos-arm64 | 0.1.0 | 7.00 | 100.00 | 107.00 | OK | |
| r-oldrel-macos-x86_64 | 0.1.0 | 11.00 | 160.00 | 171.00 | NOTE | |
| r-oldrel-windows-x86_64 | 0.1.0 | 21.00 | 331.00 | 352.00 | OK | 
Version: 0.1.0
Check: installed package size
Result: NOTE
    installed size is  5.1Mb
    sub-directories of 1Mb or more:
      data   3.1Mb
      doc    1.3Mb
Flavor: r-oldrel-macos-x86_64