CRAN Package Check Results for Package stripless

Last updated on 2025-11-28 17:48:56 CET.

Flavor Version Tinstall Tcheck Ttotal Status Flags
r-devel-linux-x86_64-debian-clang 1.0-3 2.52 65.94 68.46 NOTE
r-devel-linux-x86_64-debian-gcc 1.0-3 1.95 48.84 50.79 NOTE
r-devel-linux-x86_64-fedora-clang 1.0-3 103.34 OK
r-devel-linux-x86_64-fedora-gcc 1.0-3 112.72 OK
r-devel-windows-x86_64 1.0-3 5.00 78.00 83.00 OK
r-patched-linux-x86_64 1.0-3 2.89 63.18 66.07 OK
r-release-linux-x86_64 1.0-3 2.40 62.35 64.75 OK
r-release-macos-arm64 1.0-3 OK
r-release-macos-x86_64 1.0-3 2.00 68.00 70.00 OK
r-release-windows-x86_64 1.0-3 5.00 86.00 91.00 OK
r-oldrel-macos-arm64 1.0-3 NOTE
r-oldrel-macos-x86_64 1.0-3 2.00 54.00 56.00 NOTE
r-oldrel-windows-x86_64 1.0-3 4.00 97.00 101.00 NOTE

Check Details

Version: 1.0-3
Check: CRAN incoming feasibility
Result: NOTE Maintainer: ‘Bert Gunter <bgunter@comcast.net>’ Found the following \keyword or \concept entries which likely give several index terms: File ‘strucplot.Rd’: \concept{ structured plots,structured trellis plot [TRUNCATED] Flavors: r-devel-linux-x86_64-debian-clang, r-devel-linux-x86_64-debian-gcc

Version: 1.0-3
Check: LazyData
Result: NOTE 'LazyData' is specified without a 'data' directory Flavors: r-oldrel-macos-arm64, r-oldrel-macos-x86_64, r-oldrel-windows-x86_64

mirror server hosted at Truenetwork, Russian Federation.