Last updated on 2025-02-21 17:50:56 CET.
Flavor | Version | Tinstall | Tcheck | Ttotal | Status | Flags |
---|---|---|---|---|---|---|
r-devel-linux-x86_64-debian-clang | 1.7.12 | 165.99 | 353.85 | 519.84 | OK | |
r-devel-linux-x86_64-debian-gcc | 1.7.12 | 106.11 | 225.51 | 331.62 | OK | |
r-devel-linux-x86_64-fedora-clang | 1.7.12 | 1193.66 | OK | |||
r-devel-linux-x86_64-fedora-gcc | 1.7.12 | 1074.63 | OK | |||
r-devel-macos-arm64 | 1.7.12 | 179.00 | OK | |||
r-devel-macos-x86_64 | 1.7.12 | 413.00 | OK | |||
r-devel-windows-x86_64 | 1.7.12 | 153.00 | 350.00 | 503.00 | OK | |
r-patched-linux-x86_64 | 1.7.12 | 151.58 | 328.76 | 480.34 | OK | |
r-release-linux-x86_64 | 1.7.12 | 150.42 | 328.17 | 478.59 | OK | |
r-release-macos-arm64 | 1.7.12 | 202.00 | NOTE | |||
r-release-macos-x86_64 | 1.7.12 | 370.00 | NOTE | |||
r-release-windows-x86_64 | 1.7.12 | 159.00 | 354.00 | 513.00 | OK | |
r-oldrel-macos-arm64 | 1.7.12 | 238.00 | NOTE | |||
r-oldrel-macos-x86_64 | 1.7.12 | 502.00 | NOTE | |||
r-oldrel-windows-x86_64 | 1.7.12 | 197.00 | 415.00 | 612.00 | OK |
Version: 1.7.12
Check: installed package size
Result: NOTE
installed size is 9.0Mb
sub-directories of 1Mb or more:
libs 6.7Mb
Flavors: r-release-macos-arm64, r-release-macos-x86_64, r-oldrel-macos-arm64, r-oldrel-macos-x86_64