Last updated on 2025-11-04 05:51:27 CET.
| Flavor | Version | Tinstall | Tcheck | Ttotal | Status | Flags | 
|---|---|---|---|---|---|---|
| r-devel-linux-x86_64-debian-clang | 3.2.8 | 102.02 | 142.09 | 244.11 | OK | |
| r-devel-linux-x86_64-debian-gcc | 3.2.8 | 61.68 | 113.16 | 174.84 | OK | |
| r-devel-linux-x86_64-fedora-clang | 3.2.8 | 141.00 | 249.63 | 390.63 | OK | |
| r-devel-linux-x86_64-fedora-gcc | 3.2.8 | 162.00 | 228.89 | 390.89 | OK | |
| r-devel-windows-x86_64 | 3.2.8 | 109.00 | 218.00 | 327.00 | OK | |
| r-patched-linux-x86_64 | 3.2.8 | 99.33 | 138.69 | 238.02 | OK | |
| r-release-linux-x86_64 | 3.2.8 | 94.28 | 137.89 | 232.17 | OK | |
| r-release-macos-arm64 | 3.2.8 | 37.00 | 129.00 | 166.00 | OK | |
| r-release-macos-x86_64 | 3.2.8 | 51.00 | 232.00 | 283.00 | OK | |
| r-release-windows-x86_64 | 3.2.8 | 101.00 | 216.00 | 317.00 | OK | |
| r-oldrel-macos-arm64 | 3.2.8 | 36.00 | 119.00 | 155.00 | NOTE | |
| r-oldrel-macos-x86_64 | 3.2.8 | 51.00 | 172.00 | 223.00 | NOTE | |
| r-oldrel-windows-x86_64 | 3.2.8 | 127.00 | 258.00 | 385.00 | OK | 
Version: 3.2.8
Check: installed package size
Result: NOTE
    installed size is  9.7Mb
    sub-directories of 1Mb or more:
      doc    1.9Mb
      libs   6.9Mb
Flavors: r-oldrel-macos-arm64, r-oldrel-macos-x86_64