Last updated on 2025-11-04 11:52:45 CET.
| Flavor | Version | Tinstall | Tcheck | Ttotal | Status | Flags | 
|---|---|---|---|---|---|---|
| r-devel-linux-x86_64-debian-clang | 1.31 | 8.65 | 74.87 | 83.52 | NOTE | |
| r-devel-linux-x86_64-debian-gcc | 1.31 | 6.07 | 56.16 | 62.23 | NOTE | |
| r-devel-linux-x86_64-fedora-clang | 1.31 | 18.00 | 109.77 | 127.77 | OK | |
| r-devel-linux-x86_64-fedora-gcc | 1.31 | 21.00 | 103.91 | 124.91 | OK | |
| r-devel-windows-x86_64 | 1.31 | 10.00 | 78.00 | 88.00 | OK | |
| r-patched-linux-x86_64 | 1.31 | 7.95 | 71.80 | 79.75 | OK | |
| r-release-linux-x86_64 | 1.31 | 8.17 | 71.68 | 79.85 | OK | |
| r-release-macos-arm64 | 1.31 | 4.00 | 38.00 | 42.00 | OK | |
| r-release-macos-x86_64 | 1.31 | 7.00 | 69.00 | 76.00 | OK | |
| r-release-windows-x86_64 | 1.31 | 10.00 | 79.00 | 89.00 | OK | |
| r-oldrel-macos-arm64 | 1.31 | 4.00 | 34.00 | 38.00 | OK | |
| r-oldrel-macos-x86_64 | 1.31 | 6.00 | 51.00 | 57.00 | OK | |
| r-oldrel-windows-x86_64 | 1.31 | 12.00 | 102.00 | 114.00 | OK | 
Version: 1.31
Check: CRAN incoming feasibility
Result: NOTE
  Maintainer: ‘Devin S. Johnson <devin.johnson@noaa.gov>’
  
  No Authors@R field in DESCRIPTION.
  Please add one, modifying
    Authors@R: person(given = c("Devin", "S."),
                      family = "Johnson",
                      role = c("aut", "cre"),
                      email = "devin.johnson@noaa.gov")
  as necessary.
Flavors: r-devel-linux-x86_64-debian-clang, r-devel-linux-x86_64-debian-gcc