Last updated on 2025-10-14 18:50:30 CEST.
Flavor | Version | Tinstall | Tcheck | Ttotal | Status | Flags |
---|---|---|---|---|---|---|
r-devel-linux-x86_64-debian-clang | 1.31 | 9.17 | 74.46 | 83.63 | NOTE | |
r-devel-linux-x86_64-debian-gcc | 1.31 | 6.36 | 54.84 | 61.20 | NOTE | |
r-devel-linux-x86_64-fedora-clang | 1.31 | 126.75 | OK | |||
r-devel-linux-x86_64-fedora-gcc | 1.31 | 122.51 | OK | |||
r-devel-windows-x86_64 | 1.31 | 10.00 | 79.00 | 89.00 | OK | |
r-patched-linux-x86_64 | 1.31 | 8.56 | 71.57 | 80.13 | OK | |
r-release-linux-x86_64 | 1.31 | 8.99 | 71.42 | 80.41 | OK | |
r-release-macos-arm64 | 1.31 | 42.00 | OK | |||
r-release-macos-x86_64 | 1.31 | 76.00 | OK | |||
r-release-windows-x86_64 | 1.31 | 9.00 | 81.00 | 90.00 | OK | |
r-oldrel-macos-arm64 | 1.31 | 38.00 | OK | |||
r-oldrel-macos-x86_64 | 1.31 | 57.00 | OK | |||
r-oldrel-windows-x86_64 | 1.31 | 12.00 | 103.00 | 115.00 | OK |
Version: 1.31
Check: CRAN incoming feasibility
Result: NOTE
Maintainer: ‘Devin S. Johnson <devin.johnson@noaa.gov>’
No Authors@R field in DESCRIPTION.
Please add one, modifying
Authors@R: person(given = c("Devin", "S."),
family = "Johnson",
role = c("aut", "cre"),
email = "devin.johnson@noaa.gov")
as necessary.
Flavors: r-devel-linux-x86_64-debian-clang, r-devel-linux-x86_64-debian-gcc