Last updated on 2025-05-27 18:50:03 CEST.
Flavor | Version | Tinstall | Tcheck | Ttotal | Status | Flags |
---|---|---|---|---|---|---|
r-devel-linux-x86_64-debian-clang | 0.4.3 | 13.71 | 108.04 | 121.75 | NOTE | |
r-devel-linux-x86_64-debian-gcc | 0.4.3 | 10.37 | 79.14 | 89.51 | NOTE | |
r-devel-linux-x86_64-fedora-clang | 0.4.3 | 191.91 | NOTE | |||
r-devel-linux-x86_64-fedora-gcc | 0.4.3 | 192.72 | NOTE | |||
r-devel-windows-x86_64 | 0.4.3 | 13.00 | 117.00 | 130.00 | NOTE | |
r-patched-linux-x86_64 | 0.4.3 | 10.80 | 102.78 | 113.58 | NOTE | |
r-release-linux-x86_64 | 0.4.3 | 12.34 | 103.21 | 115.55 | NOTE | |
r-release-macos-arm64 | 0.4.3 | 56.00 | NOTE | |||
r-release-macos-x86_64 | 0.4.3 | 103.00 | NOTE | |||
r-release-windows-x86_64 | 0.4.3 | 13.00 | 109.00 | 122.00 | NOTE | |
r-oldrel-macos-arm64 | 0.4.3 | 59.00 | OK | |||
r-oldrel-macos-x86_64 | 0.4.3 | 172.00 | OK | |||
r-oldrel-windows-x86_64 | 0.4.3 | 19.00 | 138.00 | 157.00 | OK |
Version: 0.4.3
Check: DESCRIPTION meta-information
Result: NOTE
Missing dependency on R >= 4.1.0 because package code uses the pipe
|> or function shorthand \(...) syntax added in R 4.1.0.
File(s) using such syntax:
‘get_diag.Rd’ ‘get_effects.Rd’ ‘get_network.Rd’ ‘stm_diag.R’
‘stm_effects.R’ ‘stm_network.R’
Flavors: r-devel-linux-x86_64-debian-clang, r-devel-linux-x86_64-debian-gcc, r-devel-linux-x86_64-fedora-clang, r-devel-linux-x86_64-fedora-gcc, r-devel-windows-x86_64, r-patched-linux-x86_64, r-release-linux-x86_64, r-release-macos-arm64, r-release-windows-x86_64
Version: 0.4.3
Check: DESCRIPTION meta-information
Result: NOTE
Missing dependency on R >= 4.1.0 because package code uses the pipe
|> or function shorthand \(...) syntax added in R 4.1.0.
File(s) using such syntax:
‘stm_diag.R’ ‘stm_effects.R’ ‘stm_network.R’
Flavor: r-release-macos-x86_64