Last updated on 2025-11-04 13:50:27 CET.
| Flavor | Version | Tinstall | Tcheck | Ttotal | Status | Flags |
|---|---|---|---|---|---|---|
| r-devel-linux-x86_64-debian-clang | 0.4.3 | 13.24 | 123.95 | 137.19 | NOTE | |
| r-devel-linux-x86_64-debian-gcc | 0.4.3 | 10.10 | 89.03 | 99.13 | NOTE | |
| r-devel-linux-x86_64-fedora-clang | 0.4.3 | 29.00 | 180.40 | 209.40 | NOTE | |
| r-devel-linux-x86_64-fedora-gcc | 0.4.3 | 32.00 | 185.37 | 217.37 | NOTE | |
| r-devel-windows-x86_64 | 0.4.3 | 16.00 | 116.00 | 132.00 | NOTE | |
| r-patched-linux-x86_64 | 0.4.3 | 12.50 | 113.66 | 126.16 | NOTE | |
| r-release-linux-x86_64 | 0.4.3 | 13.15 | 113.64 | 126.79 | NOTE | |
| r-release-macos-arm64 | 0.4.3 | 5.00 | 51.00 | 56.00 | NOTE | |
| r-release-macos-x86_64 | 0.4.3 | 10.00 | 93.00 | 103.00 | NOTE | |
| r-release-windows-x86_64 | 0.4.3 | 16.00 | 114.00 | 130.00 | NOTE | |
| r-oldrel-macos-arm64 | 0.4.3 | 6.00 | 53.00 | 59.00 | OK | |
| r-oldrel-macos-x86_64 | 0.4.3 | 17.00 | 155.00 | 172.00 | OK | |
| r-oldrel-windows-x86_64 | 0.4.3 | 20.00 | 150.00 | 170.00 | OK |
Version: 0.4.3
Check: DESCRIPTION meta-information
Result: NOTE
Missing dependency on R >= 4.1.0 because package code uses the pipe
|> or function shorthand \(...) syntax added in R 4.1.0.
File(s) using such syntax:
‘get_diag.Rd’ ‘get_effects.Rd’ ‘get_network.Rd’ ‘stm_diag.R’
‘stm_effects.R’ ‘stm_network.R’
Flavors: r-devel-linux-x86_64-debian-clang, r-devel-linux-x86_64-debian-gcc, r-devel-linux-x86_64-fedora-clang, r-devel-linux-x86_64-fedora-gcc, r-devel-windows-x86_64, r-patched-linux-x86_64, r-release-linux-x86_64, r-release-macos-arm64, r-release-windows-x86_64
Version: 0.4.3
Check: DESCRIPTION meta-information
Result: NOTE
Missing dependency on R >= 4.1.0 because package code uses the pipe
|> or function shorthand \(...) syntax added in R 4.1.0.
File(s) using such syntax:
‘stm_diag.R’ ‘stm_effects.R’ ‘stm_network.R’
Flavor: r-release-macos-x86_64