Last updated on 2025-11-04 11:52:45 CET.
| Flavor | Version | Tinstall | Tcheck | Ttotal | Status | Flags | 
|---|---|---|---|---|---|---|
| r-devel-linux-x86_64-debian-clang | 0.1.6 | 7.98 | 69.98 | 77.96 | NOTE | |
| r-devel-linux-x86_64-debian-gcc | 0.1.6 | 6.10 | 51.56 | 57.66 | NOTE | |
| r-devel-linux-x86_64-fedora-clang | 0.1.6 | 22.00 | 97.59 | 119.59 | OK | |
| r-devel-linux-x86_64-fedora-gcc | 0.1.6 | 19.00 | 96.92 | 115.92 | OK | |
| r-devel-windows-x86_64 | 0.1.6 | 11.00 | 79.00 | 90.00 | OK | |
| r-patched-linux-x86_64 | 0.1.6 | 7.97 | 66.60 | 74.57 | OK | |
| r-release-linux-x86_64 | 0.1.6 | 7.83 | 67.10 | 74.93 | OK | |
| r-release-macos-arm64 | 0.1.6 | 5.00 | 43.00 | 48.00 | OK | |
| r-release-macos-x86_64 | 0.1.6 | 8.00 | 63.00 | 71.00 | OK | |
| r-release-windows-x86_64 | 0.1.6 | 9.00 | 80.00 | 89.00 | OK | |
| r-oldrel-macos-arm64 | 0.1.6 | 4.00 | 33.00 | 37.00 | OK | |
| r-oldrel-macos-x86_64 | 0.1.6 | 6.00 | 47.00 | 53.00 | OK | |
| r-oldrel-windows-x86_64 | 0.1.6 | 14.00 | 98.00 | 112.00 | OK | 
Version: 0.1.6
Check: CRAN incoming feasibility
Result: NOTE
  Maintainer: ‘Dan Zangri <dzangri@gmail.com>’
  
  No Authors@R field in DESCRIPTION.
  Please add one, modifying
    Authors@R: c(person(given = "Dan",
                        family = "Zangri",
                        role = c("aut", "cre"),
                        email = "dzangri@gmail.com"),
                 person(given = "Dustin",
                        family = "Tingley",
                        role = "ctb"),
                 person(given = "Brandon",
                        family = "Stewart",
                        role = "ctb"))
  as necessary.
  
  Found the following \keyword or \concept entries
  which likely give several index terms:
    File ‘stmgui-package.Rd’:
      \keyword{ stm, shiny }
Flavors: r-devel-linux-x86_64-debian-clang, r-devel-linux-x86_64-debian-gcc