CRAN Package Check Results for Package stmCorrViz

Last updated on 2025-04-17 00:50:02 CEST.

Flavor Version Tinstall Tcheck Ttotal Status Flags
r-devel-linux-x86_64-debian-clang 1.3 2.07 31.87 33.94 NOTE
r-devel-linux-x86_64-debian-gcc 1.3 1.59 24.31 25.90 NOTE
r-devel-linux-x86_64-fedora-clang 1.3 54.47 NOTE
r-devel-linux-x86_64-fedora-gcc 1.3 54.45 NOTE
r-devel-windows-x86_64 1.3 4.00 59.00 63.00 OK
r-patched-linux-x86_64 1.3 2.05 31.67 33.72 NOTE
r-release-linux-x86_64 1.3 1.60 31.58 33.18 NOTE
r-release-macos-arm64 1.3 22.00 OK
r-release-macos-x86_64 1.3 43.00 OK
r-release-windows-x86_64 1.3 4.00 59.00 63.00 OK
r-oldrel-macos-arm64 1.3 20.00 OK
r-oldrel-macos-x86_64 1.3 32.00 OK
r-oldrel-windows-x86_64 1.3 4.00 65.00 69.00 OK

Check Details

Version: 1.3
Check: for non-standard things in the check directory
Result: NOTE Found the following files/directories: ‘corrviz.html’ Flavors: r-devel-linux-x86_64-debian-clang, r-devel-linux-x86_64-debian-gcc, r-devel-linux-x86_64-fedora-clang, r-devel-linux-x86_64-fedora-gcc, r-patched-linux-x86_64, r-release-linux-x86_64

Version: 1.3
Check: dependencies in R code
Result: NOTE Namespaces in Imports field not imported from: ‘SnowballC’ ‘tm’ All declared Imports should be used. Flavors: r-devel-linux-x86_64-fedora-clang, r-devel-linux-x86_64-fedora-gcc

mirror server hosted at Truenetwork, Russian Federation.