Last updated on 2025-11-04 05:51:27 CET.
| Flavor | Version | Tinstall | Tcheck | Ttotal | Status | Flags | 
|---|---|---|---|---|---|---|
| r-devel-linux-x86_64-debian-clang | 1.3.8 | 33.57 | 233.18 | 266.75 | OK | |
| r-devel-linux-x86_64-debian-gcc | 1.3.8 | 22.89 | 154.50 | 177.39 | OK | |
| r-devel-linux-x86_64-fedora-clang | 1.3.8 | 79.00 | 343.35 | 422.35 | OK | |
| r-devel-linux-x86_64-fedora-gcc | 1.3.8 | 72.00 | 360.70 | 432.70 | OK | |
| r-devel-windows-x86_64 | 1.3.8 | 43.00 | 276.00 | 319.00 | OK | |
| r-patched-linux-x86_64 | 1.3.8 | 34.12 | 219.84 | 253.96 | OK | |
| r-release-linux-x86_64 | 1.3.8 | 35.82 | 219.64 | 255.46 | OK | |
| r-release-macos-arm64 | 1.3.8 | 14.00 | 108.00 | 122.00 | OK | |
| r-release-macos-x86_64 | 1.3.8 | 28.00 | 265.00 | 293.00 | OK | |
| r-release-windows-x86_64 | 1.3.8 | 42.00 | 268.00 | 310.00 | OK | |
| r-oldrel-macos-arm64 | 1.3.8 | 14.00 | 120.00 | 134.00 | NOTE | |
| r-oldrel-macos-x86_64 | 1.3.8 | 28.00 | 243.00 | 271.00 | NOTE | |
| r-oldrel-windows-x86_64 | 1.3.8 | 50.00 | 352.00 | 402.00 | OK | 
Version: 1.3.8
Check: installed package size
Result: NOTE
    installed size is  5.3Mb
    sub-directories of 1Mb or more:
      data   1.7Mb
      libs   2.5Mb
Flavors: r-oldrel-macos-arm64, r-oldrel-macos-x86_64