Last updated on 2025-11-04 05:51:27 CET.
| Flavor | Version | Tinstall | Tcheck | Ttotal | Status | Flags | 
|---|---|---|---|---|---|---|
| r-devel-linux-x86_64-debian-clang | 3.2.7 | 15.10 | 174.02 | 189.12 | NOTE | |
| r-devel-linux-x86_64-debian-gcc | 3.2.7 | 9.99 | 110.69 | 120.68 | NOTE | |
| r-devel-linux-x86_64-fedora-clang | 3.2.7 | 37.00 | 262.47 | 299.47 | OK | |
| r-devel-linux-x86_64-fedora-gcc | 3.2.7 | 63.00 | 235.42 | 298.42 | OK | |
| r-devel-windows-x86_64 | 3.2.7 | 19.00 | 175.00 | 194.00 | OK | |
| r-patched-linux-x86_64 | 3.2.7 | 14.59 | 165.86 | 180.45 | OK | |
| r-release-linux-x86_64 | 3.2.7 | 13.31 | 165.86 | 179.17 | OK | |
| r-release-macos-arm64 | 3.2.7 | 7.00 | 59.00 | 66.00 | OK | |
| r-release-macos-x86_64 | 3.2.7 | 15.00 | 136.00 | 151.00 | OK | |
| r-release-windows-x86_64 | 3.2.7 | 19.00 | 175.00 | 194.00 | OK | |
| r-oldrel-macos-arm64 | 3.2.7 | 9.00 | 71.00 | 80.00 | OK | |
| r-oldrel-macos-x86_64 | 3.2.7 | 13.00 | 139.00 | 152.00 | OK | |
| r-oldrel-windows-x86_64 | 3.2.7 | 24.00 | 230.00 | 254.00 | OK | 
Version: 3.2.7
Check: CRAN incoming feasibility
Result: NOTE
  Maintainer: ‘Wai-ki Yip <yuser86@yahoo.com>’
  
  No Authors@R field in DESCRIPTION.
  Please add one, modifying
    Authors@R: c(person(given = "Wai-ki",
                        family = "Yip",
                        role = c("aut", "cre"),
                        email = "yuser86@yahoo.com"),
                 person(given = "Ann",
                        family = "Lazar",
                        role = "ctb"),
                 person(given = "David",
                        family = "Zahrieh",
                        role = "ctb"),
                 person(given = "Chip",
                        family = "Cole",
                        role = "ctb"),
                 person(given = "Ann",
                        family = "Lazar",
                        role = "ctb"),
                 person(given = "Marco",
                        family = "Bonetti",
                        role = "ctb"),
                 person(given = "Victoria",
                        family = "Wang",
                        role = "ctb"),
                 person(given = "William",
                        family = "Barcella",
                        role = "ctb"),
                 person(given = "Sergio",
                        family = "Venturini",
                        role = "ctb"))
  as necessary.
Flavors: r-devel-linux-x86_64-debian-clang, r-devel-linux-x86_64-debian-gcc