Last updated on 2025-05-23 06:50:03 CEST.
Flavor | Version | Tinstall | Tcheck | Ttotal | Status | Flags |
---|---|---|---|---|---|---|
r-devel-linux-x86_64-debian-clang | 1.0.0 | 1.80 | 18.28 | 20.08 | NOTE | |
r-devel-linux-x86_64-debian-gcc | 1.0.0 | 1.32 | 14.77 | 16.09 | NOTE | |
r-devel-linux-x86_64-fedora-clang | 1.0.0 | 30.22 | OK | |||
r-devel-linux-x86_64-fedora-gcc | 1.0.0 | 28.88 | OK | |||
r-devel-windows-x86_64 | 1.0.0 | 3.00 | 57.00 | 60.00 | OK | |
r-patched-linux-x86_64 | 1.0.0 | 1.95 | 16.23 | 18.18 | OK | |
r-release-linux-x86_64 | 1.0.0 | 1.83 | 16.43 | 18.26 | OK | |
r-release-macos-arm64 | 1.0.0 | 17.00 | OK | |||
r-release-macos-x86_64 | 1.0.0 | 24.00 | OK | |||
r-release-windows-x86_64 | 1.0.0 | 3.00 | 68.00 | 71.00 | OK | |
r-oldrel-macos-arm64 | 1.0.0 | 13.00 | OK | |||
r-oldrel-macos-x86_64 | 1.0.0 | 19.00 | OK | |||
r-oldrel-windows-x86_64 | 1.0.0 | 3.00 | 38.00 | 41.00 | OK |
Version: 1.0.0
Check: CRAN incoming feasibility
Result: NOTE
Maintainer: ‘Arya Ebadi <aeba3842@uni.sydney.edu.au>’
The Description field contains
(2020) <arXiv:2011.11939>. Such setups include target-decoy competition
Please refer to arXiv e-prints via their arXiv DOI <doi:10.48550/arXiv.YYMM.NNNNN>.
Flavors: r-devel-linux-x86_64-debian-clang, r-devel-linux-x86_64-debian-gcc