Last updated on 2025-02-22 05:51:52 CET.
Flavor | Version | Tinstall | Tcheck | Ttotal | Status | Flags |
---|---|---|---|---|---|---|
r-devel-linux-x86_64-debian-clang | 1.0.1 | 159.00 | 137.07 | 296.07 | OK | |
r-devel-linux-x86_64-debian-gcc | 1.0.1 | 145.63 | 99.70 | 245.33 | OK | |
r-devel-linux-x86_64-fedora-clang | 1.0.1 | 499.85 | OK | |||
r-devel-linux-x86_64-fedora-gcc | 1.0.1 | 600.96 | OK | |||
r-devel-macos-arm64 | 1.0.1 | 126.00 | OK | |||
r-devel-macos-x86_64 | 1.0.1 | 292.00 | OK | |||
r-devel-windows-x86_64 | 1.0.1 | 159.00 | 162.00 | 321.00 | OK | |
r-patched-linux-x86_64 | 1.0.1 | 202.45 | 131.88 | 334.33 | OK | |
r-release-linux-x86_64 | 1.0.1 | 201.33 | 131.28 | 332.61 | OK | |
r-release-macos-arm64 | 1.0.1 | 121.00 | NOTE | |||
r-release-macos-x86_64 | 1.0.1 | 219.00 | NOTE | |||
r-release-windows-x86_64 | 1.0.1 | 158.00 | 159.00 | 317.00 | NOTE | |
r-oldrel-macos-arm64 | 1.0.1 | 183.00 | NOTE | |||
r-oldrel-macos-x86_64 | 1.0.1 | 289.00 | NOTE | |||
r-oldrel-windows-x86_64 | 1.0.1 | 208.00 | 208.00 | 416.00 | NOTE |
Version: 1.0.1
Check: installed package size
Result: NOTE
installed size is 94.3Mb
sub-directories of 1Mb or more:
libs 93.2Mb
Flavors: r-release-macos-arm64, r-release-macos-x86_64, r-release-windows-x86_64, r-oldrel-macos-arm64, r-oldrel-macos-x86_64, r-oldrel-windows-x86_64