Last updated on 2025-11-04 05:51:27 CET.
| Flavor | Version | Tinstall | Tcheck | Ttotal | Status | Flags | 
|---|---|---|---|---|---|---|
| r-devel-linux-x86_64-debian-clang | 0.0.5 | 14.61 | 25.98 | 40.59 | NOTE | |
| r-devel-linux-x86_64-debian-gcc | 0.0.5 | 11.45 | 20.56 | 32.01 | NOTE | |
| r-devel-linux-x86_64-fedora-clang | 0.0.5 | 31.00 | 31.39 | 62.39 | OK | |
| r-devel-linux-x86_64-fedora-gcc | 0.0.5 | 39.00 | 24.38 | 63.38 | OK | |
| r-devel-windows-x86_64 | 0.0.5 | 19.00 | 63.00 | 82.00 | OK | |
| r-patched-linux-x86_64 | 0.0.5 | 15.62 | 23.64 | 39.26 | OK | |
| r-release-linux-x86_64 | 0.0.5 | 15.41 | 23.60 | 39.01 | OK | |
| r-release-macos-arm64 | 0.0.5 | 7.00 | 20.00 | 27.00 | OK | |
| r-release-macos-x86_64 | 0.0.5 | 12.00 | 28.00 | 40.00 | OK | |
| r-release-windows-x86_64 | 0.0.5 | 18.00 | 65.00 | 83.00 | OK | |
| r-oldrel-macos-arm64 | 0.0.5 | 7.00 | 16.00 | 23.00 | OK | |
| r-oldrel-macos-x86_64 | 0.0.5 | 9.00 | 24.00 | 33.00 | OK | |
| r-oldrel-windows-x86_64 | 0.0.5 | 18.00 | 83.00 | 101.00 | OK | 
Version: 0.0.5
Check: CRAN incoming feasibility
Result: NOTE
  Maintainer: ‘Marco Giuliano <mgiuliano.mail@gmail.com>’
  
  No Authors@R field in DESCRIPTION.
  Please add one, modifying
    Authors@R: person(given = "Marco",
                      family = "Giuliano",
                      role = c("aut", "cre"),
                      email = "mgiuliano.mail@gmail.com")
  as necessary.
Flavors: r-devel-linux-x86_64-debian-clang, r-devel-linux-x86_64-debian-gcc