Last updated on 2025-11-04 11:52:45 CET.
| Flavor | Version | Tinstall | Tcheck | Ttotal | Status | Flags | 
|---|---|---|---|---|---|---|
| r-devel-linux-x86_64-debian-clang | 2019.6 | 11.84 | 501.75 | 513.59 | NOTE | |
| r-devel-linux-x86_64-debian-gcc | 2019.6 | 7.49 | 299.05 | 306.54 | NOTE | |
| r-devel-linux-x86_64-fedora-clang | 2019.6 | 46.00 | 819.26 | 865.26 | OK | |
| r-devel-linux-x86_64-fedora-gcc | 2019.6 | 25.00 | 857.81 | 882.81 | OK | |
| r-devel-windows-x86_64 | 2019.6 | 138.00 | 505.00 | 643.00 | OK | |
| r-patched-linux-x86_64 | 2019.6 | 10.44 | 451.13 | 461.57 | OK | |
| r-release-linux-x86_64 | 2019.6 | 11.55 | 451.38 | 462.93 | OK | |
| r-release-macos-arm64 | 2019.6 | 13.00 | 69.00 | 82.00 | NOTE | |
| r-release-macos-x86_64 | 2019.6 | 40.00 | 149.00 | 189.00 | NOTE | |
| r-release-windows-x86_64 | 2019.6 | 161.00 | 532.00 | 693.00 | OK | |
| r-oldrel-macos-arm64 | 2019.6 | 13.00 | 72.00 | 85.00 | NOTE | |
| r-oldrel-macos-x86_64 | 2019.6 | 43.00 | 134.00 | 177.00 | NOTE | |
| r-oldrel-windows-x86_64 | 2019.6 | 66.00 | 309.00 | 375.00 | NOTE | 
Version: 2019.6
Check: CRAN incoming feasibility
Result: NOTE
  Maintainer: ‘Martina Morris <morrism@uw.edu>’
  
  Package CITATION file contains call(s) to old-style personList() or
  as.personList().  Please use c() on person objects instead.
Flavors: r-devel-linux-x86_64-debian-clang, r-devel-linux-x86_64-debian-gcc
Version: 2019.6
Check: whether startup messages can be suppressed
Result: NOTE
  unable to reach CRAN
  
  It looks like this package (or a package it requires) has a startup
  message which cannot be suppressed: see ?packageStartupMessage.
Flavors: r-release-macos-arm64, r-release-macos-x86_64, r-oldrel-macos-arm64, r-oldrel-macos-x86_64, r-oldrel-windows-x86_64
Version: 2019.6
Check: package dependencies
Result: NOTE
  Package suggested but not available for checking: ‘networksis’
Flavors: r-oldrel-macos-arm64, r-oldrel-macos-x86_64, r-oldrel-windows-x86_64