Last updated on 2025-07-16 07:49:22 CEST.
Flavor | Version | Tinstall | Tcheck | Ttotal | Status | Flags |
---|---|---|---|---|---|---|
r-devel-linux-x86_64-debian-clang | 0.5.0 | 91.03 | 102.29 | 193.32 | NOTE | |
r-devel-linux-x86_64-debian-gcc | 0.5.0 | 54.85 | 81.90 | 136.75 | NOTE | |
r-devel-linux-x86_64-fedora-clang | 0.5.0 | 308.79 | OK | |||
r-devel-linux-x86_64-fedora-gcc | 0.5.0 | 310.44 | OK | |||
r-devel-windows-x86_64 | 0.5.0 | 84.00 | 139.00 | 223.00 | OK | |
r-patched-linux-x86_64 | 0.5.0 | 84.53 | 117.32 | 201.85 | OK | |
r-release-linux-x86_64 | 0.5.0 | 81.30 | 117.50 | 198.80 | OK | |
r-release-macos-arm64 | 0.5.0 | 108.00 | OK | |||
r-release-macos-x86_64 | 0.5.0 | 208.00 | OK | |||
r-release-windows-x86_64 | 0.5.0 | 87.00 | 140.00 | 227.00 | OK | |
r-oldrel-macos-arm64 | 0.5.0 | 97.00 | NOTE | |||
r-oldrel-macos-x86_64 | 0.5.0 | 125.00 | NOTE | |||
r-oldrel-windows-x86_64 | 0.5.0 | 105.00 | 184.00 | 289.00 | OK |
Version: 0.5.0
Check: CRAN incoming feasibility
Result: NOTE
Maintainer: ‘Dylan Beijers <dylanbeijers@gmail.com>’
Package CITATION file contains call(s) to old-style citEntry(). Please
use bibentry() instead.
Flavors: r-devel-linux-x86_64-debian-clang, r-devel-linux-x86_64-debian-gcc
Version: 0.5.0
Check: installed package size
Result: NOTE
installed size is 6.8Mb
sub-directories of 1Mb or more:
libs 6.0Mb
Flavors: r-oldrel-macos-arm64, r-oldrel-macos-x86_64