Last updated on 2025-11-04 11:52:45 CET.
| Flavor | Version | Tinstall | Tcheck | Ttotal | Status | Flags | 
|---|---|---|---|---|---|---|
| r-devel-linux-x86_64-debian-clang | 0.1.2 | 10.09 | 73.49 | 83.58 | NOTE | |
| r-devel-linux-x86_64-debian-gcc | 0.1.2 | 5.65 | 50.85 | 56.50 | NOTE | |
| r-devel-linux-x86_64-fedora-clang | 0.1.2 | 31.00 | 92.43 | 123.43 | NOTE | |
| r-devel-linux-x86_64-fedora-gcc | 0.1.2 | 19.00 | 94.61 | 113.61 | NOTE | |
| r-devel-windows-x86_64 | 0.1.2 | 12.00 | 78.00 | 90.00 | NOTE | |
| r-patched-linux-x86_64 | 0.1.2 | 10.52 | 65.59 | 76.11 | NOTE | |
| r-release-linux-x86_64 | 0.1.2 | 9.57 | 65.55 | 75.12 | NOTE | |
| r-release-macos-arm64 | 0.1.2 | 3.00 | 25.00 | 28.00 | NOTE | |
| r-release-macos-x86_64 | 0.1.2 | 7.00 | 45.00 | 52.00 | NOTE | |
| r-release-windows-x86_64 | 0.1.2 | 11.00 | 77.00 | 88.00 | NOTE | |
| r-oldrel-macos-arm64 | 0.1.2 | 3.00 | 24.00 | 27.00 | OK | |
| r-oldrel-macos-x86_64 | 0.1.2 | 5.00 | 38.00 | 43.00 | OK | |
| r-oldrel-windows-x86_64 | 0.1.2 | 17.00 | 101.00 | 118.00 | OK | 
Version: 0.1.2
Check: DESCRIPTION meta-information
Result: NOTE
    Missing dependency on R >= 4.1.0 because package code uses the pipe
    |> or function shorthand \(...) syntax added in R 4.1.0.
    File(s) using such syntax:
      ‘stat_frequency.R’
Flavors: r-devel-linux-x86_64-debian-clang, r-devel-linux-x86_64-debian-gcc, r-devel-linux-x86_64-fedora-clang, r-devel-linux-x86_64-fedora-gcc, r-devel-windows-x86_64, r-patched-linux-x86_64, r-release-linux-x86_64, r-release-macos-arm64, r-release-macos-x86_64, r-release-windows-x86_64