CRAN Package Check Results for Package stampr

Last updated on 2025-07-19 06:48:45 CEST.

Flavor Version Tinstall Tcheck Ttotal Status Flags
r-devel-linux-x86_64-debian-clang 0.3.1 8.16 65.45 73.61 NOTE
r-devel-linux-x86_64-debian-gcc 0.3.1 5.21 47.71 52.92 NOTE
r-devel-linux-x86_64-fedora-clang 0.3.1 111.98 NOTE
r-devel-linux-x86_64-fedora-gcc 0.3.1 108.70 NOTE
r-devel-windows-x86_64 0.3.1 9.00 75.00 84.00 NOTE
r-patched-linux-x86_64 0.3.1 6.31 60.03 66.34 NOTE
r-release-linux-x86_64 0.3.1 6.94 59.83 66.77 NOTE
r-release-macos-arm64 0.3.1 34.00 NOTE
r-release-macos-x86_64 0.3.1 62.00 NOTE
r-release-windows-x86_64 0.3.1 10.00 76.00 86.00 NOTE
r-oldrel-macos-arm64 0.3.1 34.00 OK
r-oldrel-macos-x86_64 0.3.1 51.00 OK
r-oldrel-windows-x86_64 0.3.1 12.00 91.00 103.00 OK

Check Details

Version: 0.3.1
Check: DESCRIPTION meta-information
Result: NOTE Missing dependency on R >= 4.1.0 because package code uses the pipe |> or function shorthand \(...) syntax added in R 4.1.0. File(s) using such syntax: ‘stamp.direction.r’ Flavors: r-devel-linux-x86_64-debian-clang, r-devel-linux-x86_64-debian-gcc, r-devel-linux-x86_64-fedora-clang, r-devel-linux-x86_64-fedora-gcc, r-devel-windows-x86_64, r-patched-linux-x86_64, r-release-linux-x86_64, r-release-macos-arm64, r-release-macos-x86_64, r-release-windows-x86_64

mirror server hosted at Truenetwork, Russian Federation.