CRAN Package Check Results for Package stRoke

Last updated on 2025-07-13 18:52:58 CEST.

Flavor Version Tinstall Tcheck Ttotal Status Flags
r-devel-linux-x86_64-debian-clang 24.10.1 7.67 81.70 89.37 NOTE
r-devel-linux-x86_64-debian-gcc 24.10.1 5.73 57.74 63.47 NOTE
r-devel-linux-x86_64-fedora-clang 24.10.1 151.98 NOTE
r-devel-linux-x86_64-fedora-gcc 24.10.1 142.51 NOTE
r-devel-windows-x86_64 24.10.1 9.00 91.00 100.00 NOTE
r-patched-linux-x86_64 24.10.1 8.37 76.75 85.12 NOTE
r-release-linux-x86_64 24.10.1 8.00 76.67 84.67 NOTE
r-release-macos-arm64 24.10.1 38.00 NOTE
r-release-macos-x86_64 24.10.1 79.00 NOTE
r-release-windows-x86_64 24.10.1 9.00 96.00 105.00 NOTE
r-oldrel-macos-arm64 24.10.1 41.00 OK
r-oldrel-macos-x86_64 24.10.1 52.00 OK
r-oldrel-windows-x86_64 24.10.1 13.00 118.00 131.00 OK

Check Details

Version: 24.10.1
Check: DESCRIPTION meta-information
Result: NOTE Missing dependency on R >= 4.1.0 because package code uses the pipe |> or function shorthand \(...) syntax added in R 4.1.0. File(s) using such syntax: ‘chunks_of_n.Rd’ ‘generic_stroke.R’ ‘index_plot.R’ ‘mfi_calc.R’ ‘mfi_domains.Rd’ ‘pase_calc.R’ Flavors: r-devel-linux-x86_64-debian-clang, r-devel-linux-x86_64-debian-gcc, r-devel-linux-x86_64-fedora-clang, r-devel-linux-x86_64-fedora-gcc, r-devel-windows-x86_64, r-patched-linux-x86_64, r-release-linux-x86_64, r-release-macos-arm64, r-release-windows-x86_64

Version: 24.10.1
Check: DESCRIPTION meta-information
Result: NOTE Missing dependency on R >= 4.1.0 because package code uses the pipe |> or function shorthand \(...) syntax added in R 4.1.0. File(s) using such syntax: ‘generic_stroke.R’ ‘index_plot.R’ ‘mfi_calc.R’ ‘pase_calc.R’ Flavor: r-release-macos-x86_64

mirror server hosted at Truenetwork, Russian Federation.