CRAN Package Check Results for Package ssmn

Last updated on 2025-07-16 07:49:22 CEST.

Flavor Version Tinstall Tcheck Ttotal Status Flags
r-devel-linux-x86_64-debian-clang 1.1 5.34 39.93 45.27 NOTE
r-devel-linux-x86_64-debian-gcc 1.1 4.03 30.03 34.06 NOTE
r-devel-linux-x86_64-fedora-clang 1.1 68.96 OK
r-devel-linux-x86_64-fedora-gcc 1.1 68.31 OK
r-devel-windows-x86_64 1.1 7.00 61.00 68.00 OK
r-patched-linux-x86_64 1.1 5.64 39.07 44.71 OK
r-release-linux-x86_64 1.1 5.55 38.77 44.32 OK
r-release-macos-arm64 1.1 29.00 OK
r-release-macos-x86_64 1.1 46.00 OK
r-release-windows-x86_64 1.1 9.00 66.00 75.00 OK
r-oldrel-macos-arm64 1.1 24.00 OK
r-oldrel-macos-x86_64 1.1 36.00 OK
r-oldrel-windows-x86_64 1.1 9.00 67.00 76.00 OK

Check Details

Version: 1.1
Check: CRAN incoming feasibility
Result: NOTE Maintainer: ‘Luis Benites Sanchez <lbenitesanchez@gmail.com>’ No Authors@R field in DESCRIPTION. Please add one, modifying Authors@R: c(person(given = c("Luis", "Benites"), family = "Sanchez", role = c("aut", "cre"), email = "lbenitesanchez@gmail.com"), person(given = c("Clecio", "da", "Silva"), family = "Ferreira", role = "aut")) as necessary. Flavors: r-devel-linux-x86_64-debian-clang, r-devel-linux-x86_64-debian-gcc

mirror server hosted at Truenetwork, Russian Federation.