Last updated on 2025-11-04 11:52:45 CET.
| Flavor | Version | Tinstall | Tcheck | Ttotal | Status | Flags | 
|---|---|---|---|---|---|---|
| r-devel-linux-x86_64-debian-clang | 0.9.4 | 4.44 | 26.34 | 30.78 | OK | |
| r-devel-linux-x86_64-debian-gcc | 0.9.4 | 3.60 | 21.73 | 25.33 | OK | |
| r-devel-linux-x86_64-fedora-clang | 0.9.4 | 46.90 | OK | |||
| r-devel-linux-x86_64-fedora-gcc | 0.9.4 | 12.00 | 49.64 | 61.64 | OK | |
| r-devel-windows-x86_64 | 0.9.4 | 20.00 | 86.00 | 106.00 | OK | |
| r-patched-linux-x86_64 | 0.9.4 | 4.14 | 25.31 | 29.45 | OK | |
| r-release-linux-x86_64 | 0.9.4 | 4.12 | 25.02 | 29.14 | OK | |
| r-release-macos-arm64 | 0.9.4 | 10.00 | 27.00 | 37.00 | OK | |
| r-release-macos-x86_64 | 0.9.4 | 11.00 | 43.00 | 54.00 | OK | |
| r-release-windows-x86_64 | 0.9.4 | 21.00 | 89.00 | 110.00 | OK | |
| r-oldrel-macos-arm64 | 0.9.4 | 7.00 | 31.00 | 38.00 | OK | |
| r-oldrel-macos-x86_64 | 0.9.4 | 12.00 | 53.00 | 65.00 | OK | |
| r-oldrel-windows-x86_64 | 0.9.4 | 26.00 | 117.00 | 143.00 | NOTE | 
Version: 0.9.4
Check: installed package size
Result: NOTE
    installed size is  5.7Mb
    sub-directories of 1Mb or more:
      libs   4.8Mb
Flavor: r-oldrel-windows-x86_64