Last updated on 2025-11-04 05:51:27 CET.
| Flavor | Version | Tinstall | Tcheck | Ttotal | Status | Flags | 
|---|---|---|---|---|---|---|
| r-devel-linux-x86_64-debian-clang | 0.1.0 | 2.14 | 26.13 | 28.27 | OK | |
| r-devel-linux-x86_64-debian-gcc | 0.1.0 | 1.60 | 19.91 | 21.51 | OK | |
| r-devel-linux-x86_64-fedora-clang | 0.1.0 | 41.75 | OK | |||
| r-devel-linux-x86_64-fedora-gcc | 0.1.0 | 39.47 | OK | |||
| r-devel-windows-x86_64 | 0.1.0 | 4.00 | 44.00 | 48.00 | OK | |
| r-patched-linux-x86_64 | 0.1.0 | 2.27 | 24.61 | 26.88 | OK | |
| r-release-linux-x86_64 | 0.1.0 | 1.52 | 24.35 | 25.87 | OK | |
| r-release-macos-arm64 | 0.1.0 | 1.00 | 21.00 | 22.00 | OK | |
| r-release-macos-x86_64 | 0.1.0 | 2.00 | 23.00 | 25.00 | OK | |
| r-release-windows-x86_64 | 0.1.0 | 5.00 | 43.00 | 48.00 | OK | |
| r-oldrel-macos-arm64 | 0.1.0 | 1.00 | 14.00 | 15.00 | NOTE | |
| r-oldrel-macos-x86_64 | 0.1.0 | 2.00 | 22.00 | 24.00 | NOTE | |
| r-oldrel-windows-x86_64 | 0.1.0 | 6.00 | 51.00 | 57.00 | NOTE | 
Version: 0.1.0
Check: LazyData
Result: NOTE
    'LazyData' is specified without a 'data' directory
Flavors: r-oldrel-macos-arm64, r-oldrel-macos-x86_64, r-oldrel-windows-x86_64