Last updated on 2025-05-26 00:48:46 CEST.
Flavor | Version | Tinstall | Tcheck | Ttotal | Status | Flags |
---|---|---|---|---|---|---|
r-devel-linux-x86_64-debian-clang | 0.1.1 | 53.66 | 455.65 | 509.31 | OK | |
r-devel-linux-x86_64-debian-gcc | 0.1.1 | 38.22 | 339.92 | 378.14 | OK | |
r-devel-linux-x86_64-fedora-clang | 0.1.1 | 829.23 | OK | |||
r-devel-linux-x86_64-fedora-gcc | 0.1.1 | 804.34 | OK | |||
r-devel-windows-x86_64 | 0.1.1 | 53.00 | 369.00 | 422.00 | OK | |
r-patched-linux-x86_64 | 0.1.1 | 53.21 | 426.15 | 479.36 | OK | |
r-release-linux-x86_64 | 0.1.1 | 48.82 | 426.16 | 474.98 | OK | |
r-release-macos-arm64 | 0.1.1 | 4.00 | ERROR | |||
r-release-macos-x86_64 | 0.1.1 | 390.00 | OK | |||
r-release-windows-x86_64 | 0.1.1 | 52.00 | 5.00 | 57.00 | ERROR | |
r-oldrel-macos-arm64 | 0.1.1 | 199.00 | OK | |||
r-oldrel-macos-x86_64 | 0.1.1 | 578.00 | OK | |||
r-oldrel-windows-x86_64 | 0.1.1 | 71.00 | 485.00 | 556.00 | OK |
Version: 0.1.1
Check: package dependencies
Result: ERROR
Package required but not available: ‘org.Hs.eg.db’
See section ‘The DESCRIPTION file’ in the ‘Writing R Extensions’
manual.
Flavor: r-release-macos-arm64
Version: 0.1.1
Check: whether package can be installed
Result: ERROR
Installation failed.
Flavor: r-release-windows-x86_64