CRAN Package Check Results for Package ssaBSS

Last updated on 2025-11-03 17:50:04 CET.

Flavor Version Tinstall Tcheck Ttotal Status Flags
r-devel-linux-x86_64-debian-clang 0.1.1 14.30 125.41 139.71 NOTE
r-devel-linux-x86_64-debian-gcc 0.1.1 10.76 89.63 100.39 NOTE
r-devel-linux-x86_64-fedora-clang 0.1.1 35.00 177.91 212.91 NOTE
r-devel-linux-x86_64-fedora-gcc 0.1.1 51.00 155.42 206.42 NOTE
r-devel-windows-x86_64 0.1.1 15.00 115.00 130.00 NOTE
r-patched-linux-x86_64 0.1.1 13.70 117.66 131.36 NOTE
r-release-linux-x86_64 0.1.1 13.98 116.11 130.09 NOTE
r-release-macos-arm64 0.1.1 6.00 41.00 47.00 NOTE
r-release-macos-x86_64 0.1.1 11.00 79.00 90.00 NOTE
r-release-windows-x86_64 0.1.1 16.00 116.00 132.00 NOTE
r-oldrel-macos-arm64 0.1.1 6.00 43.00 49.00 NOTE
r-oldrel-macos-x86_64 0.1.1 9.00 62.00 71.00 NOTE
r-oldrel-windows-x86_64 0.1.1 21.00 156.00 177.00 NOTE

Check Details

Version: 0.1.1
Check: Rd files
Result: NOTE checkRd: (-1) ssaBSS-package.Rd:22: Lost braces in \itemize; meant \describe ? checkRd: (-1) ssaBSS-package.Rd:23: Lost braces in \itemize; meant \describe ? checkRd: (-1) ssaBSS-package.Rd:24: Lost braces in \itemize; meant \describe ? checkRd: (-1) ssaBSS-package.Rd:25: Lost braces in \itemize; meant \describe ? checkRd: (-1) ssaBSS-package.Rd:26: Lost braces in \itemize; meant \describe ? Flavors: r-devel-linux-x86_64-debian-clang, r-devel-linux-x86_64-debian-gcc, r-devel-linux-x86_64-fedora-clang, r-devel-linux-x86_64-fedora-gcc, r-devel-windows-x86_64, r-patched-linux-x86_64, r-release-linux-x86_64, r-release-macos-arm64, r-release-macos-x86_64, r-release-windows-x86_64, r-oldrel-macos-arm64, r-oldrel-macos-x86_64, r-oldrel-windows-x86_64

mirror server hosted at Truenetwork, Russian Federation.