Last updated on 2025-05-18 00:49:40 CEST.
Flavor | Version | Tinstall | Tcheck | Ttotal | Status | Flags |
---|---|---|---|---|---|---|
r-devel-linux-x86_64-debian-clang | 0.1.0 | 4.68 | 60.23 | 64.91 | OK | |
r-devel-linux-x86_64-debian-gcc | 0.1.0 | 3.41 | 46.15 | 49.56 | OK | |
r-devel-linux-x86_64-fedora-clang | 0.1.0 | 102.44 | OK | |||
r-devel-linux-x86_64-fedora-gcc | 0.1.0 | 96.86 | OK | |||
r-devel-windows-x86_64 | 0.1.0 | 6.00 | 93.00 | 99.00 | OK | |
r-patched-linux-x86_64 | 0.1.0 | 5.05 | 56.86 | 61.91 | OK | |
r-release-linux-x86_64 | 0.1.0 | 5.07 | 57.76 | 62.83 | OK | |
r-release-macos-arm64 | 0.1.0 | 35.00 | OK | |||
r-release-macos-x86_64 | 0.1.0 | 75.00 | OK | |||
r-release-windows-x86_64 | 0.1.0 | 7.00 | 102.00 | 109.00 | OK | |
r-oldrel-macos-arm64 | 0.1.0 | 31.00 | NOTE | |||
r-oldrel-macos-x86_64 | 0.1.0 | 46.00 | NOTE | |||
r-oldrel-windows-x86_64 | 0.1.0 | 7.00 | 103.00 | 110.00 | NOTE |
Version: 0.1.0
Check: LazyData
Result: NOTE
'LazyData' is specified without a 'data' directory
Flavors: r-oldrel-macos-arm64, r-oldrel-macos-x86_64, r-oldrel-windows-x86_64