CRAN Package Check Results for Package splitstackshape

Last updated on 2025-02-22 11:51:43 CET.

Flavor Version Tinstall Tcheck Ttotal Status Flags
r-devel-linux-x86_64-debian-clang 1.4.8 3.02 29.98 33.00 NOTE
r-devel-linux-x86_64-debian-gcc 1.4.8 2.28 22.16 24.44 NOTE
r-devel-linux-x86_64-fedora-clang 1.4.8 51.32 NOTE
r-devel-linux-x86_64-fedora-gcc 1.4.8 46.82 NOTE
r-devel-macos-arm64 1.4.8 18.00 NOTE
r-devel-macos-x86_64 1.4.8 50.00 NOTE
r-devel-windows-x86_64 1.4.8 4.00 63.00 67.00 NOTE
r-patched-linux-x86_64 1.4.8 3.36 27.44 30.80 NOTE
r-release-linux-x86_64 1.4.8 2.47 27.25 29.72 NOTE
r-release-macos-arm64 1.4.8 18.00 NOTE
r-release-macos-x86_64 1.4.8 32.00 NOTE
r-release-windows-x86_64 1.4.8 4.00 54.00 58.00 NOTE
r-oldrel-macos-arm64 1.4.8 19.00 NOTE
r-oldrel-macos-x86_64 1.4.8 29.00 NOTE
r-oldrel-windows-x86_64 1.4.8 5.00 60.00 65.00 NOTE

Check Details

Version: 1.4.8
Check: package subdirectories
Result: NOTE Problems with news in ‘NEWS.md’: Cannot extract version info from the following section titles: Feature Changes Flavors: r-devel-linux-x86_64-debian-clang, r-devel-linux-x86_64-debian-gcc, r-devel-linux-x86_64-fedora-clang, r-devel-linux-x86_64-fedora-gcc, r-devel-macos-arm64, r-devel-macos-x86_64, r-devel-windows-x86_64, r-patched-linux-x86_64, r-release-linux-x86_64, r-release-macos-arm64, r-release-macos-x86_64, r-release-windows-x86_64, r-oldrel-macos-arm64, r-oldrel-macos-x86_64, r-oldrel-windows-x86_64

mirror server hosted at Truenetwork, Russian Federation.