Last updated on 2025-02-21 17:50:56 CET.
Flavor | Version | Tinstall | Tcheck | Ttotal | Status | Flags |
---|---|---|---|---|---|---|
r-devel-linux-x86_64-debian-clang | 0.5.3 | 28.38 | 47.50 | 75.88 | OK | |
r-devel-linux-x86_64-debian-gcc | 0.5.3 | 21.07 | 37.44 | 58.51 | OK | |
r-devel-linux-x86_64-fedora-clang | 0.5.3 | 128.96 | OK | |||
r-devel-linux-x86_64-fedora-gcc | 0.5.3 | 140.39 | OK | |||
r-devel-macos-arm64 | 0.5.3 | 41.00 | OK | |||
r-devel-macos-x86_64 | 0.5.3 | 75.00 | OK | |||
r-devel-windows-x86_64 | 0.5.3 | 31.00 | 93.00 | 124.00 | OK | |
r-patched-linux-x86_64 | 0.5.3 | 27.32 | 45.36 | 72.68 | OK | |
r-release-linux-x86_64 | 0.5.3 | 29.15 | 45.75 | 74.90 | OK | |
r-release-macos-arm64 | 0.5.3 | 44.00 | NOTE | |||
r-release-macos-x86_64 | 0.5.3 | 117.00 | NOTE | |||
r-release-windows-x86_64 | 0.5.3 | 32.00 | 89.00 | 121.00 | OK | |
r-oldrel-macos-arm64 | 0.5.3 | 65.00 | NOTE | |||
r-oldrel-macos-x86_64 | 0.5.3 | 84.00 | NOTE | |||
r-oldrel-windows-x86_64 | 0.5.3 | 37.00 | 110.00 | 147.00 | OK |
Version: 0.5.3
Check: installed package size
Result: NOTE
installed size is 5.1Mb
sub-directories of 1Mb or more:
doc 1.2Mb
libs 3.4Mb
Flavors: r-release-macos-arm64, r-release-macos-x86_64, r-oldrel-macos-arm64, r-oldrel-macos-x86_64