Last updated on 2025-11-04 11:52:45 CET.
| Flavor | Version | Tinstall | Tcheck | Ttotal | Status | Flags | 
|---|---|---|---|---|---|---|
| r-devel-linux-x86_64-debian-clang | 0.1.1 | 2.35 | 25.58 | 27.93 | OK | |
| r-devel-linux-x86_64-debian-gcc | 0.1.1 | 1.71 | 21.21 | 22.92 | OK | |
| r-devel-linux-x86_64-fedora-clang | 0.1.1 | 47.74 | OK | |||
| r-devel-linux-x86_64-fedora-gcc | 0.1.1 | 60.08 | OK | |||
| r-devel-windows-x86_64 | 0.1.1 | 4.00 | 48.00 | 52.00 | OK | |
| r-patched-linux-x86_64 | 0.1.1 | 2.41 | 28.01 | 30.42 | OK | |
| r-release-linux-x86_64 | 0.1.1 | 2.26 | 24.18 | 26.44 | OK | |
| r-release-macos-arm64 | 0.1.1 | 2.00 | 33.00 | 35.00 | OK | |
| r-release-macos-x86_64 | 0.1.1 | 2.00 | 43.00 | 45.00 | OK | |
| r-release-windows-x86_64 | 0.1.1 | 4.00 | 48.00 | 52.00 | OK | |
| r-oldrel-macos-arm64 | 0.1.1 | 1.00 | 23.00 | 24.00 | NOTE | |
| r-oldrel-macos-x86_64 | 0.1.1 | 2.00 | 32.00 | 34.00 | NOTE | |
| r-oldrel-windows-x86_64 | 0.1.1 | 5.00 | 52.00 | 57.00 | NOTE | 
Version: 0.1.1
Check: LazyData
Result: NOTE
    'LazyData' is specified without a 'data' directory
Flavors: r-oldrel-macos-arm64, r-oldrel-macos-x86_64, r-oldrel-windows-x86_64