Last updated on 2025-11-04 05:51:27 CET.
| Flavor | Version | Tinstall | Tcheck | Ttotal | Status | Flags | 
|---|---|---|---|---|---|---|
| r-devel-linux-x86_64-debian-clang | 1.5-9 | 2.76 | 47.55 | 50.31 | NOTE | |
| r-devel-linux-x86_64-debian-gcc | 1.5-9 | 2.00 | 35.54 | 37.54 | NOTE | |
| r-devel-linux-x86_64-fedora-clang | 1.5-9 | 75.59 | OK | |||
| r-devel-linux-x86_64-fedora-gcc | 1.5-9 | 73.07 | OK | |||
| r-devel-windows-x86_64 | 1.5-9 | 5.00 | 65.00 | 70.00 | OK | |
| r-patched-linux-x86_64 | 1.5-9 | 3.89 | 44.16 | 48.05 | OK | |
| r-release-linux-x86_64 | 1.5-9 | 3.19 | 44.22 | 47.41 | OK | |
| r-release-macos-arm64 | 1.5-9 | 2.00 | 28.00 | 30.00 | OK | |
| r-release-macos-x86_64 | 1.5-9 | 3.00 | 53.00 | 56.00 | OK | |
| r-release-windows-x86_64 | 1.5-9 | 4.00 | 64.00 | 68.00 | OK | |
| r-oldrel-macos-arm64 | 1.5-9 | 2.00 | 25.00 | 27.00 | OK | |
| r-oldrel-macos-x86_64 | 1.5-9 | 2.00 | 38.00 | 40.00 | OK | |
| r-oldrel-windows-x86_64 | 1.5-9 | 5.00 | 79.00 | 84.00 | OK | 
Version: 1.5-9
Check: CRAN incoming feasibility
Result: NOTE
  Maintainer: ‘Maximilian Lange <maximilian-lange@t-online.de>’
  
  No Authors@R field in DESCRIPTION.
  Please add one, modifying
    Authors@R: c(person(given = "Maximilian",
                        family = "Lange",
                        role = c("aut", "cre"),
                        email = "maximilian-lange@t-online.de"),
                 person(given = "Sven",
                        family = "Lautenbach",
                        role = "aut"),
                 person(given = "Claudia",
                        family = "Raedig",
                        role = "aut"))
  as necessary.
Flavors: r-devel-linux-x86_64-debian-clang, r-devel-linux-x86_64-debian-gcc