Last updated on 2025-04-15 00:50:24 CEST.
Flavor | Version | Tinstall | Tcheck | Ttotal | Status | Flags |
---|---|---|---|---|---|---|
r-devel-linux-x86_64-debian-clang | 4.3.3 | 17.11 | 214.97 | 232.08 | OK | |
r-devel-linux-x86_64-debian-gcc | 4.3.3 | 11.81 | 136.01 | 147.82 | OK | |
r-devel-linux-x86_64-fedora-clang | 4.3.3 | 343.87 | OK | |||
r-devel-linux-x86_64-fedora-gcc | 4.3.3 | 447.48 | OK | |||
r-devel-windows-x86_64 | 4.3.3 | 19.00 | 206.00 | 225.00 | OK | |
r-patched-linux-x86_64 | 4.3.3 | 17.15 | 224.50 | 241.65 | OK | |
r-release-linux-x86_64 | 4.3.3 | 16.79 | 194.83 | 211.62 | OK | |
r-release-macos-arm64 | 4.3.3 | 103.00 | WARN | |||
r-release-macos-x86_64 | 4.3.3 | 169.00 | WARN | |||
r-release-windows-x86_64 | 4.3.3 | 21.00 | 206.00 | 227.00 | OK | |
r-oldrel-macos-arm64 | 4.3.3 | 103.00 | WARN | |||
r-oldrel-macos-x86_64 | 4.3.3 | 283.00 | WARN | |||
r-oldrel-windows-x86_64 | 4.3.3 | 25.00 | 257.00 | 282.00 | NOTE |
Version: 4.3.3
Check: for missing documentation entries
Result: WARN
Undocumented S4 methods:
generic '[' and siglist 'SpectraInTime,ANY,missing,ANY'
generic '[' and siglist 'SpectraInTime,missing,ANY,ANY'
generic '[' and siglist 'SpectraInTime,missing,missing,ANY'
generic '[' and siglist 'SpectraInTimeComp,ANY,ANY,ANY'
generic '[' and siglist 'SpectraInTimeComp,ANY,missing,ANY'
generic '[' and siglist 'SpectraInTimeComp,missing,ANY,ANY'
All user-level objects in a package (including S4 classes and methods)
should have documentation entries.
See chapter ‘Writing R documentation files’ in the ‘Writing R
Extensions’ manual.
Flavors: r-release-macos-arm64, r-release-macos-x86_64, r-oldrel-macos-arm64, r-oldrel-macos-x86_64
Version: 4.3.3
Check: installed package size
Result: NOTE
installed size is 6.1Mb
sub-directories of 1Mb or more:
doc 4.6Mb
Flavors: r-oldrel-macos-arm64, r-oldrel-macos-x86_64, r-oldrel-windows-x86_64
mirror server hosted at Truenetwork, Russian Federation.